2a01:4f9:6b:2588::2 - - [02/Jun/2026:12:13:48 -0400] "GET /wpc.php?path=/home/swseziih/immohaustech.webfaqe-ks.com/wp-includes/js/dist/script-modules/block-library/query&view_file=/home/swseziih/immohaustech.webfaqe-ks.com/wp-includes/js/dist/script-modules/block-library/query/view.min.js HTTP/1.1" 200 1865 "-" "Mozilla/5.0 (compatible; MJ12bot/v1.4.8; http://mj12bot.com/)"
2a01:4f9:6b:2588::2 - - [02/Jun/2026:12:13:50 -0400] "GET /wpc.php?path=/home/swseziih/immohaustech.webfaqe-ks.com/wp-includes/js/dist/script-modules/block-library/search&view_file=/home/swseziih/immohaustech.webfaqe-ks.com/wp-includes/js/dist/script-modules/block-library/search/view.js HTTP/1.1" 200 1947 "-" "Mozilla/5.0 (compatible; MJ12bot/v1.4.8; http://mj12bot.com/)"
52.203.152.231 - - [02/Jun/2026:12:13:52 -0400] "GET /wpc.php?path=/home/swseziih/cleantotal.webfaqe-ks.com/wp-content/plugins/elementor/modules/home/transformations&view_file=/home/swseziih/cleantotal.webfaqe-ks.com/wp-content/plugins/elementor/modules/home/transformations/create-site-settings-url.php HTTP/1.1" 200 2081 "-" "Mozilla/5.0 AppleWebKit/537.36 (KHTML, like Gecko; compatible; Amazonbot/0.1; +https://developer.amazon.com/support/amazonbot) Chrome/119.0.6045.214 Safari/537.36"
2a01:4f9:6b:2588::2 - - [02/Jun/2026:12:13:52 -0400] "GET /wpc.php?path=/home/swseziih/immohaustech.webfaqe-ks.com/wp-includes/js/dist/script-modules/block-library/search&view_file=/home/swseziih/immohaustech.webfaqe-ks.com/wp-includes/js/dist/script-modules/block-library/search/view.min.asset.php HTTP/1.1" 200 1528 "-" "Mozilla/5.0 (compatible; MJ12bot/v1.4.8; http://mj12bot.com/)"
2a01:4f9:6b:2588::2 - - [02/Jun/2026:12:13:54 -0400] "GET /wpc.php?path=/home/swseziih/immohaustech.webfaqe-ks.com/wp-includes/js/dist/script-modules/block-library/search&view_file=/home/swseziih/immohaustech.webfaqe-ks.com/wp-includes/js/dist/script-modules/block-library/search/view.min.js HTTP/1.1" 200 1855 "-" "Mozilla/5.0 (compatible; MJ12bot/v1.4.8; http://mj12bot.com/)"
3.221.156.96 - - [02/Jun/2026:12:13:55 -0400] "GET /wpc.php?path=/home/swseziih/diestorenprofis.webfaqe-ks.com/wp-content/plugins/elementskit-lite/widgets/header-search&view_file=/home/swseziih/diestorenprofis.webfaqe-ks.com/wp-content/plugins/elementskit-lite/widgets/header-search/header-search.php HTTP/1.1" 200 5925 "-" "Mozilla/5.0 AppleWebKit/537.36 (KHTML, like Gecko; compatible; Amazonbot/0.1; +https://developer.amazon.com/support/amazonbot) Chrome/119.0.6045.214 Safari/537.36"
2a01:4f9:6b:2588::2 - - [02/Jun/2026:12:13:56 -0400] "GET /wpc.php?path=/home/swseziih/immohaustech.webfaqe-ks.com/wp-includes/js/dist/script-modules/block-library/tabs HTTP/1.1" 200 1362 "-" "Mozilla/5.0 (compatible; MJ12bot/v1.4.8; http://mj12bot.com/)"
2a01:4f9:6b:2588::2 - - [02/Jun/2026:12:13:58 -0400] "GET /wpc.php?path=/home/swseziih/immohaustech.webfaqe-ks.com/wp-includes/js/tinymce/plugins/charmap&view_file=/home/swseziih/immohaustech.webfaqe-ks.com/wp-includes/js/tinymce/plugins/charmap/plugin.js HTTP/1.1" 200 5743 "-" "Mozilla/5.0 (compatible; MJ12bot/v1.4.8; http://mj12bot.com/)"
2a01:4f9:6b:2588::2 - - [02/Jun/2026:12:14:00 -0400] "GET /wpc.php?path=/home/swseziih/immohaustech.webfaqe-ks.com/wp-includes/js/tinymce/plugins/charmap&view_file=/home/swseziih/immohaustech.webfaqe-ks.com/wp-includes/js/tinymce/plugins/charmap/plugin.min.js HTTP/1.1" 200 4849 "-" "Mozilla/5.0 (compatible; MJ12bot/v1.4.8; http://mj12bot.com/)"
100.29.160.53 - - [02/Jun/2026:12:14:00 -0400] "GET /wpc.php?path=/home/swseziih/jl-hausmeisterservice-dienstleistungen.de/wp-includes/blocks/media-text&view_file=/home/swseziih/jl-hausmeisterservice-dienstleistungen.de/wp-includes/blocks/media-text/style-rtl.css HTTP/1.1" 200 2243 "-" "Mozilla/5.0 AppleWebKit/537.36 (KHTML, like Gecko; compatible; Amazonbot/0.1; +https://developer.amazon.com/support/amazonbot) Chrome/119.0.6045.214 Safari/537.36"
2a01:4f9:6b:2588::2 - - [02/Jun/2026:12:14:02 -0400] "GET /wpc.php?path=/home/swseziih/immohaustech.webfaqe-ks.com/wp-includes/js/tinymce/plugins/colorpicker&view_file=/home/swseziih/immohaustech.webfaqe-ks.com/wp-includes/js/tinymce/plugins/colorpicker/plugin.js HTTP/1.1" 200 2287 "-" "Mozilla/5.0 (compatible; MJ12bot/v1.4.8; http://mj12bot.com/)"
2a01:4f9:6b:2588::2 - - [02/Jun/2026:12:14:04 -0400] "GET /wpc.php?path=/home/swseziih/immohaustech.webfaqe-ks.com/wp-includes/js/tinymce/plugins/colorpicker&view_file=/home/swseziih/immohaustech.webfaqe-ks.com/wp-includes/js/tinymce/plugins/colorpicker/plugin.min.js HTTP/1.1" 200 2009 "-" "Mozilla/5.0 (compatible; MJ12bot/v1.4.8; http://mj12bot.com/)"
2a01:4f9:6b:2588::2 - - [02/Jun/2026:12:14:06 -0400] "GET /wpc.php?path=/home/swseziih/immohaustech.webfaqe-ks.com/wp-includes/js/tinymce/plugins/compat3x&view_file=/home/swseziih/immohaustech.webfaqe-ks.com/wp-includes/js/tinymce/plugins/compat3x/plugin.js HTTP/1.1" 200 4246 "-" "Mozilla/5.0 (compatible; MJ12bot/v1.4.8; http://mj12bot.com/)"
2a01:4f9:6b:2588::2 - - [02/Jun/2026:12:14:08 -0400] "GET /wpc.php?path=/home/swseziih/immohaustech.webfaqe-ks.com/wp-includes/js/tinymce/plugins/compat3x&view_file=/home/swseziih/immohaustech.webfaqe-ks.com/wp-includes/js/tinymce/plugins/compat3x/plugin.min.js HTTP/1.1" 200 3207 "-" "Mozilla/5.0 (compatible; MJ12bot/v1.4.8; http://mj12bot.com/)"
2a01:4f9:6b:2588::2 - - [02/Jun/2026:12:14:10 -0400] "GET /wpc.php?path=/home/swseziih/immohaustech.webfaqe-ks.com/wp-includes/js/tinymce/plugins/compat3x/css HTTP/1.1" 200 1310 "-" "Mozilla/5.0 (compatible; MJ12bot/v1.4.8; http://mj12bot.com/)"
2a01:4f9:6b:2588::2 - - [02/Jun/2026:12:14:16 -0400] "GET /wpc.php?path=/home/swseziih/immohaustech.webfaqe-ks.com/wp-includes/js/tinymce/plugins/directionality&view_file=/home/swseziih/immohaustech.webfaqe-ks.com/wp-includes/js/tinymce/plugins/directionality/plugin.js HTTP/1.1" 200 1983 "-" "Mozilla/5.0 (compatible; MJ12bot/v1.4.8; http://mj12bot.com/)"
66.249.69.7 - - [02/Jun/2026:12:14:17 -0400] "GET /wpc.php?path=%2Fhome%2Fswseziih%2Fmail%2Fwebfaqe-ks.com%2Finfo%2Fcur&view_file=%2Fhome%2Fswseziih%2Fmail%2Fwebfaqe-ks.com%2Finfo%2Fcur%2F1742467372.M237370P1794661.server87.web-hosting.com%2CS%3D30058%2CW%3D30728%3A2%2CScg HTTP/1.1" 200 85686 "-" "Mozilla/5.0 (Linux; Android 6.0.1; Nexus 5X Build/MMB29P) AppleWebKit/537.36 (KHTML, like Gecko) Chrome/148.0.7778.96 Mobile Safari/537.36 (compatible; Googlebot/2.1; +http://www.google.com/bot.html)"
66.249.69.7 - - [02/Jun/2026:12:14:17 -0400] "GET /wpc.php?path=%2Fhome%2Fswseziih%2Fmail%2Fwebfaqe-ks.com%2Finfo%2F.Sent%2Fcur&view_file=%2Fhome%2Fswseziih%2Fmail%2Fwebfaqe-ks.com%2Finfo%2F.Sent%2Fcur%2F1736364568.M971071P482492.server87.web-hosting.com%2CS%3D26838%2CW%3D27580%3A2%2CS HTTP/1.1" 200 45492 "-" "Mozilla/5.0 (Linux; Android 6.0.1; Nexus 5X Build/MMB29P) AppleWebKit/537.36 (KHTML, like Gecko) Chrome/148.0.7778.96 Mobile Safari/537.36 (compatible; Googlebot/2.1; +http://www.google.com/bot.html)"
2a01:4f9:6b:2588::2 - - [02/Jun/2026:12:14:19 -0400] "GET /wpc.php?path=/home/swseziih/immohaustech.webfaqe-ks.com/wp-includes/js/tinymce/plugins/directionality&view_file=/home/swseziih/immohaustech.webfaqe-ks.com/wp-includes/js/tinymce/plugins/directionality/plugin.min.js HTTP/1.1" 200 1790 "-" "Mozilla/5.0 (compatible; MJ12bot/v1.4.8; http://mj12bot.com/)"
2a01:4f9:6b:2588::2 - - [02/Jun/2026:12:14:21 -0400] "GET /wpc.php?path=/home/swseziih/immohaustech.webfaqe-ks.com/wp-includes/js/tinymce/plugins/fullscreen&view_file=/home/swseziih/immohaustech.webfaqe-ks.com/wp-includes/js/tinymce/plugins/fullscreen/plugin.js HTTP/1.1" 200 2797 "-" "Mozilla/5.0 (compatible; MJ12bot/v1.4.8; http://mj12bot.com/)"
2a01:4f9:6b:2588::2 - - [02/Jun/2026:12:14:23 -0400] "GET /wpc.php?path=/home/swseziih/immohaustech.webfaqe-ks.com/wp-includes/js/tinymce/plugins/fullscreen&view_file=/home/swseziih/immohaustech.webfaqe-ks.com/wp-includes/js/tinymce/plugins/fullscreen/plugin.min.js HTTP/1.1" 200 2254 "-" "Mozilla/5.0 (compatible; MJ12bot/v1.4.8; http://mj12bot.com/)"
2a01:4f9:6b:2588::2 - - [02/Jun/2026:12:14:25 -0400] "GET /wpc.php?path=/home/swseziih/immohaustech.webfaqe-ks.com/wp-includes/js/tinymce/plugins/hr&view_file=/home/swseziih/immohaustech.webfaqe-ks.com/wp-includes/js/tinymce/plugins/hr/plugin.js HTTP/1.1" 200 1669 "-" "Mozilla/5.0 (compatible; MJ12bot/v1.4.8; http://mj12bot.com/)"
2a01:4f9:6b:2588::2 - - [02/Jun/2026:12:14:27 -0400] "GET /wpc.php?path=/home/swseziih/immohaustech.webfaqe-ks.com/wp-includes/js/tinymce/plugins/hr&view_file=/home/swseziih/immohaustech.webfaqe-ks.com/wp-includes/js/tinymce/plugins/hr/plugin.min.js HTTP/1.1" 200 1567 "-" "Mozilla/5.0 (compatible; MJ12bot/v1.4.8; http://mj12bot.com/)"
2a01:4f9:6b:2588::2 - - [02/Jun/2026:12:14:29 -0400] "GET /wpc.php?path=/home/swseziih/immohaustech.webfaqe-ks.com/wp-includes/js/tinymce/plugins/image&view_file=/home/swseziih/immohaustech.webfaqe-ks.com/wp-includes/js/tinymce/plugins/image/plugin.js HTTP/1.1" 200 10489 "-" "Mozilla/5.0 (compatible; MJ12bot/v1.4.8; http://mj12bot.com/)"
2a01:4f9:6b:2588::2 - - [02/Jun/2026:12:14:32 -0400] "GET /wpc.php?path=/home/swseziih/immohaustech.webfaqe-ks.com/wp-includes/js/tinymce/plugins/image&view_file=/home/swseziih/immohaustech.webfaqe-ks.com/wp-includes/js/tinymce/plugins/image/plugin.min.js HTTP/1.1" 200 7160 "-" "Mozilla/5.0 (compatible; MJ12bot/v1.4.8; http://mj12bot.com/)"
2a01:4f9:6b:2588::2 - - [02/Jun/2026:12:14:37 -0400] "GET /wpc.php?path=/home/swseziih/immohaustech.webfaqe-ks.com/wp-includes/js/tinymce/plugins/link&view_file=/home/swseziih/immohaustech.webfaqe-ks.com/wp-includes/js/tinymce/plugins/link/plugin.js HTTP/1.1" 200 7174 "-" "Mozilla/5.0 (compatible; MJ12bot/v1.4.8; http://mj12bot.com/)"
2a01:4f9:6b:2588::2 - - [02/Jun/2026:12:14:39 -0400] "GET /wpc.php?path=/home/swseziih/immohaustech.webfaqe-ks.com/wp-includes/js/tinymce/plugins/link&view_file=/home/swseziih/immohaustech.webfaqe-ks.com/wp-includes/js/tinymce/plugins/link/plugin.min.js HTTP/1.1" 200 4982 "-" "Mozilla/5.0 (compatible; MJ12bot/v1.4.8; http://mj12bot.com/)"
2a01:4f9:6b:2588::2 - - [02/Jun/2026:12:14:41 -0400] "GET /wpc.php?path=/home/swseziih/immohaustech.webfaqe-ks.com/wp-includes/js/tinymce/plugins/lists&view_file=/home/swseziih/immohaustech.webfaqe-ks.com/wp-includes/js/tinymce/plugins/lists/plugin.js HTTP/1.1" 200 17282 "-" "Mozilla/5.0 (compatible; MJ12bot/v1.4.8; http://mj12bot.com/)"
2a01:4f9:6b:2588::2 - - [02/Jun/2026:12:14:43 -0400] "GET /wpc.php?path=/home/swseziih/immohaustech.webfaqe-ks.com/wp-includes/js/tinymce/plugins/lists&view_file=/home/swseziih/immohaustech.webfaqe-ks.com/wp-includes/js/tinymce/plugins/lists/plugin.min.js HTTP/1.1" 200 10982 "-" "Mozilla/5.0 (compatible; MJ12bot/v1.4.8; http://mj12bot.com/)"
2a01:4f9:6b:2588::2 - - [02/Jun/2026:12:14:45 -0400] "GET /wpc.php?path=/home/swseziih/immohaustech.webfaqe-ks.com/wp-includes/js/tinymce/plugins/media&view_file=/home/swseziih/immohaustech.webfaqe-ks.com/wp-includes/js/tinymce/plugins/media/plugin.js HTTP/1.1" 200 10979 "-" "Mozilla/5.0 (compatible; MJ12bot/v1.4.8; http://mj12bot.com/)"
66.249.69.5 - - [02/Jun/2026:12:14:46 -0400] "GET /wpc.php?path=%2Fhome%2Fswseziih%2Fdaprojektbau.webfaqe-ks.com%2Fwp-includes%2FRequests%2Fsrc%2FUtility HTTP/1.1" 200 1353 "-" "Mozilla/5.0 (Linux; Android 6.0.1; Nexus 5X Build/MMB29P) AppleWebKit/537.36 (KHTML, like Gecko) Chrome/148.0.7778.96 Mobile Safari/537.36 (compatible; GoogleOther)"
2a01:4f9:6b:2588::2 - - [02/Jun/2026:12:14:47 -0400] "GET /wpc.php?path=/home/swseziih/immohaustech.webfaqe-ks.com/wp-includes/js/tinymce/plugins/media&view_file=/home/swseziih/immohaustech.webfaqe-ks.com/wp-includes/js/tinymce/plugins/media/plugin.min.js HTTP/1.1" 200 7713 "-" "Mozilla/5.0 (compatible; MJ12bot/v1.4.8; http://mj12bot.com/)"
66.249.69.5 - - [02/Jun/2026:12:14:47 -0400] "GET /wpc.php?path=%2Fhome%2Fswseziih%2Fmalerbetriebwagner.webfaqe-ks.com%2Fwp-includes%2Fcustomize&view_file=%2Fhome%2Fswseziih%2Fmalerbetriebwagner.webfaqe-ks.com%2Fwp-includes%2Fcustomize%2Fclass-wp-customize-nav-menu-section.php HTTP/1.1" 200 2342 "-" "Mozilla/5.0 (Linux; Android 6.0.1; Nexus 5X Build/MMB29P) AppleWebKit/537.36 (KHTML, like Gecko) Chrome/148.0.7778.96 Mobile Safari/537.36 (compatible; Googlebot/2.1; +http://www.google.com/bot.html)"
66.249.69.5 - - [02/Jun/2026:12:14:48 -0400] "GET /wpc.php?path=%2Fhome%2Fswseziih%2Fmail%2Fwebfaqe-ks.com%2Finfo%2F.Sent%2Fcur&view_file=%2Fhome%2Fswseziih%2Fmail%2Fwebfaqe-ks.com%2Finfo%2F.Sent%2Fcur%2F1752071845.M505806P3633145.server87.web-hosting.com%2CS%3D18327%2CW%3D18705%3A2%2CS HTTP/1.1" 200 45356 "-" "Mozilla/5.0 (Linux; Android 6.0.1; Nexus 5X Build/MMB29P) AppleWebKit/537.36 (KHTML, like Gecko) Chrome/148.0.7778.96 Mobile Safari/537.36 (compatible; Googlebot/2.1; +http://www.google.com/bot.html)"
66.249.69.6 - - [02/Jun/2026:12:14:48 -0400] "GET /wpc.php?path=%2Fhome%2Fswseziih%2Fwebfaqe-ks.com%2Fwp-includes%2Fphp-ai-client%2Fsrc%2FProviders%2FDTO HTTP/1.1" 200 1322 "-" "Mozilla/5.0 (Linux; Android 6.0.1; Nexus 5X Build/MMB29P) AppleWebKit/537.36 (KHTML, like Gecko) Chrome/148.0.7778.96 Mobile Safari/537.36 (compatible; Googlebot/2.1; +http://www.google.com/bot.html)"
66.249.69.6 - - [02/Jun/2026:12:14:49 -0400] "GET /wpc.php?path=%2Fhome%2Fswseziih%2Fmail%2Fwebfaqe-ks.com%2Finfo%2Fcur&view_file=%2Fhome%2Fswseziih%2Fmail%2Fwebfaqe-ks.com%2Finfo%2Fcur%2F1761254290.M966387P964336.server87.web-hosting.com%2CS%3D8804%2CW%3D8952%3A2%2CSh HTTP/1.1" 200 83831 "-" "Mozilla/5.0 (Linux; Android 6.0.1; Nexus 5X Build/MMB29P) AppleWebKit/537.36 (KHTML, like Gecko) Chrome/148.0.7778.96 Mobile Safari/537.36 (compatible; Googlebot/2.1; +http://www.google.com/bot.html)"
2a01:4f9:6b:2588::2 - - [02/Jun/2026:12:14:49 -0400] "GET /wpc.php?path=/home/swseziih/immohaustech.webfaqe-ks.com/wp-includes/js/tinymce/plugins/paste&view_file=/home/swseziih/immohaustech.webfaqe-ks.com/wp-includes/js/tinymce/plugins/paste/plugin.js HTTP/1.1" 200 20491 "-" "Mozilla/5.0 (compatible; MJ12bot/v1.4.8; http://mj12bot.com/)"
2a01:4f9:6b:2588::2 - - [02/Jun/2026:12:14:51 -0400] "GET /wpc.php?path=/home/swseziih/immohaustech.webfaqe-ks.com/wp-includes/js/tinymce/plugins/paste&view_file=/home/swseziih/immohaustech.webfaqe-ks.com/wp-includes/js/tinymce/plugins/paste/plugin.min.js HTTP/1.1" 200 13611 "-" "Mozilla/5.0 (compatible; MJ12bot/v1.4.8; http://mj12bot.com/)"
2a01:4f9:6b:2588::2 - - [02/Jun/2026:12:14:53 -0400] "GET /wpc.php?path=/home/swseziih/immohaustech.webfaqe-ks.com/wp-includes/js/tinymce/plugins/tabfocus&view_file=/home/swseziih/immohaustech.webfaqe-ks.com/wp-includes/js/tinymce/plugins/tabfocus/plugin.js HTTP/1.1" 200 2482 "-" "Mozilla/5.0 (compatible; MJ12bot/v1.4.8; http://mj12bot.com/)"
2a01:4f9:6b:2588::2 - - [02/Jun/2026:12:14:55 -0400] "GET /wpc.php?path=/home/swseziih/immohaustech.webfaqe-ks.com/wp-includes/js/tinymce/plugins/tabfocus&view_file=/home/swseziih/immohaustech.webfaqe-ks.com/wp-includes/js/tinymce/plugins/tabfocus/plugin.min.js HTTP/1.1" 200 2157 "-" "Mozilla/5.0 (compatible; MJ12bot/v1.4.8; http://mj12bot.com/)"
2a01:4f9:6b:2588::2 - - [02/Jun/2026:12:14:57 -0400] "GET /wpc.php?path=/home/swseziih/immohaustech.webfaqe-ks.com/wp-includes/js/tinymce/plugins/textcolor&view_file=/home/swseziih/immohaustech.webfaqe-ks.com/wp-includes/js/tinymce/plugins/textcolor/plugin.js HTTP/1.1" 200 4333 "-" "Mozilla/5.0 (compatible; MJ12bot/v1.4.8; http://mj12bot.com/)"
2a01:4f9:6b:2588::2 - - [02/Jun/2026:12:14:59 -0400] "GET /wpc.php?path=/home/swseziih/immohaustech.webfaqe-ks.com/wp-includes/js/tinymce/plugins/textcolor&view_file=/home/swseziih/immohaustech.webfaqe-ks.com/wp-includes/js/tinymce/plugins/textcolor/plugin.min.js HTTP/1.1" 200 3475 "-" "Mozilla/5.0 (compatible; MJ12bot/v1.4.8; http://mj12bot.com/)"
2a01:4f9:6b:2588::2 - - [02/Jun/2026:12:15:01 -0400] "GET /wpc.php?path=/home/swseziih/immohaustech.webfaqe-ks.com/wp-includes/js/tinymce/plugins/wordpress&view_file=/home/swseziih/immohaustech.webfaqe-ks.com/wp-includes/js/tinymce/plugins/wordpress/plugin.js HTTP/1.1" 200 11901 "-" "Mozilla/5.0 (compatible; MJ12bot/v1.4.8; http://mj12bot.com/)"
2a01:4f9:6b:2588::2 - - [02/Jun/2026:12:15:03 -0400] "GET /wpc.php?path=/home/swseziih/immohaustech.webfaqe-ks.com/wp-includes/js/tinymce/plugins/wordpress&view_file=/home/swseziih/immohaustech.webfaqe-ks.com/wp-includes/js/tinymce/plugins/wordpress/plugin.min.js HTTP/1.1" 200 8058 "-" "Mozilla/5.0 (compatible; MJ12bot/v1.4.8; http://mj12bot.com/)"
2a01:4f9:6b:2588::2 - - [02/Jun/2026:12:15:14 -0400] "GET /wpc.php?path=/home/swseziih/immohaustech.webfaqe-ks.com/wp-includes/js/tinymce/plugins/wpautoresize&view_file=/home/swseziih/immohaustech.webfaqe-ks.com/wp-includes/js/tinymce/plugins/wpautoresize/plugin.js HTTP/1.1" 200 3377 "-" "Mozilla/5.0 (compatible; MJ12bot/v1.4.8; http://mj12bot.com/)"
2a01:4f9:6b:2588::2 - - [02/Jun/2026:12:15:17 -0400] "GET /wpc.php?path=/home/swseziih/immohaustech.webfaqe-ks.com/wp-includes/js/tinymce/plugins/wpautoresize&view_file=/home/swseziih/immohaustech.webfaqe-ks.com/wp-includes/js/tinymce/plugins/wpautoresize/plugin.min.js HTTP/1.1" 200 2226 "-" "Mozilla/5.0 (compatible; MJ12bot/v1.4.8; http://mj12bot.com/)"
66.249.69.5 - - [02/Jun/2026:12:15:18 -0400] "GET /wpc.php?path=%2Fhome%2Fswseziih%2Fmail%2Fwebfaqe-ks.com%2Finfo%2F.Drafts HTTP/1.1" 200 1379 "-" "Mozilla/5.0 (Linux; Android 6.0.1; Nexus 5X Build/MMB29P) AppleWebKit/537.36 (KHTML, like Gecko) Chrome/148.0.7778.96 Mobile Safari/537.36 (compatible; Googlebot/2.1; +http://www.google.com/bot.html)"
2a01:4f9:6b:2588::2 - - [02/Jun/2026:12:15:19 -0400] "GET /wpc.php?path=/home/swseziih/immohaustech.webfaqe-ks.com/wp-includes/js/tinymce/plugins/wpdialogs&view_file=/home/swseziih/immohaustech.webfaqe-ks.com/wp-includes/js/tinymce/plugins/wpdialogs/plugin.js HTTP/1.1" 200 2322 "-" "Mozilla/5.0 (compatible; MJ12bot/v1.4.8; http://mj12bot.com/)"
2a01:4f9:6b:2588::2 - - [02/Jun/2026:12:15:20 -0400] "GET /wpc.php?path=/home/swseziih/immohaustech.webfaqe-ks.com/wp-includes/js/tinymce/plugins/wpdialogs&view_file=/home/swseziih/immohaustech.webfaqe-ks.com/wp-includes/js/tinymce/plugins/wpdialogs/plugin.min.js HTTP/1.1" 200 1971 "-" "Mozilla/5.0 (compatible; MJ12bot/v1.4.8; http://mj12bot.com/)"
2a01:4f9:6b:2588::2 - - [02/Jun/2026:12:15:22 -0400] "GET /wpc.php?path=/home/swseziih/immohaustech.webfaqe-ks.com/wp-includes/js/tinymce/plugins/wpeditimage&view_file=/home/swseziih/immohaustech.webfaqe-ks.com/wp-includes/js/tinymce/plugins/wpeditimage/plugin.js HTTP/1.1" 200 9166 "-" "Mozilla/5.0 (compatible; MJ12bot/v1.4.8; http://mj12bot.com/)"
2a01:4f9:6b:2588::2 - - [02/Jun/2026:12:15:25 -0400] "GET /wpc.php?path=/home/swseziih/immohaustech.webfaqe-ks.com/wp-includes/js/tinymce/plugins/wpeditimage&view_file=/home/swseziih/immohaustech.webfaqe-ks.com/wp-includes/js/tinymce/plugins/wpeditimage/plugin.min.js HTTP/1.1" 200 6169 "-" "Mozilla/5.0 (compatible; MJ12bot/v1.4.8; http://mj12bot.com/)"
2a01:4f9:6b:2588::2 - - [02/Jun/2026:12:15:27 -0400] "GET /wpc.php?path=/home/swseziih/immohaustech.webfaqe-ks.com/wp-includes/js/tinymce/plugins/wpemoji&view_file=/home/swseziih/immohaustech.webfaqe-ks.com/wp-includes/js/tinymce/plugins/wpemoji/plugin.js HTTP/1.1" 200 2649 "-" "Mozilla/5.0 (compatible; MJ12bot/v1.4.8; http://mj12bot.com/)"
2a01:4f9:6b:2588::2 - - [02/Jun/2026:12:15:29 -0400] "GET /wpc.php?path=/home/swseziih/immohaustech.webfaqe-ks.com/wp-includes/js/tinymce/plugins/wpemoji&view_file=/home/swseziih/immohaustech.webfaqe-ks.com/wp-includes/js/tinymce/plugins/wpemoji/plugin.min.js HTTP/1.1" 200 2074 "-" "Mozilla/5.0 (compatible; MJ12bot/v1.4.8; http://mj12bot.com/)"
2a01:4f9:6b:2588::2 - - [02/Jun/2026:12:15:31 -0400] "GET /wpc.php?path=/home/swseziih/immohaustech.webfaqe-ks.com/wp-includes/js/tinymce/plugins/wpgallery&view_file=/home/swseziih/immohaustech.webfaqe-ks.com/wp-includes/js/tinymce/plugins/wpgallery/plugin.js HTTP/1.1" 200 2552 "-" "Mozilla/5.0 (compatible; MJ12bot/v1.4.8; http://mj12bot.com/)"
2a01:4f9:6b:2588::2 - - [02/Jun/2026:12:15:33 -0400] "GET /wpc.php?path=/home/swseziih/immohaustech.webfaqe-ks.com/wp-includes/js/tinymce/plugins/wpgallery&view_file=/home/swseziih/immohaustech.webfaqe-ks.com/wp-includes/js/tinymce/plugins/wpgallery/plugin.min.js HTTP/1.1" 200 2102 "-" "Mozilla/5.0 (compatible; MJ12bot/v1.4.8; http://mj12bot.com/)"
2a01:4f9:6b:2588::2 - - [02/Jun/2026:12:15:35 -0400] "GET /wpc.php?path=/home/swseziih/immohaustech.webfaqe-ks.com/wp-includes/js/tinymce/plugins/wplink&view_file=/home/swseziih/immohaustech.webfaqe-ks.com/wp-includes/js/tinymce/plugins/wplink/plugin.js HTTP/1.1" 200 7028 "-" "Mozilla/5.0 (compatible; MJ12bot/v1.4.8; http://mj12bot.com/)"
2a01:4f9:6b:2588::2 - - [02/Jun/2026:12:15:38 -0400] "GET /wpc.php?path=/home/swseziih/immohaustech.webfaqe-ks.com/wp-includes/js/tinymce/plugins/wplink&view_file=/home/swseziih/immohaustech.webfaqe-ks.com/wp-includes/js/tinymce/plugins/wplink/plugin.min.js HTTP/1.1" 200 5020 "-" "Mozilla/5.0 (compatible; MJ12bot/v1.4.8; http://mj12bot.com/)"
2a01:4f9:6b:2588::2 - - [02/Jun/2026:12:15:40 -0400] "GET /wpc.php?path=/home/swseziih/immohaustech.webfaqe-ks.com/wp-includes/js/tinymce/plugins/wptextpattern&view_file=/home/swseziih/immohaustech.webfaqe-ks.com/wp-includes/js/tinymce/plugins/wptextpattern/plugin.js HTTP/1.1" 200 4234 "-" "Mozilla/5.0 (compatible; MJ12bot/v1.4.8; http://mj12bot.com/)"
2a01:4f9:6b:2588::2 - - [02/Jun/2026:12:15:43 -0400] "GET /wpc.php?path=/home/swseziih/immohaustech.webfaqe-ks.com/wp-includes/js/tinymce/plugins/wptextpattern&view_file=/home/swseziih/immohaustech.webfaqe-ks.com/wp-includes/js/tinymce/plugins/wptextpattern/plugin.min.js HTTP/1.1" 200 2771 "-" "Mozilla/5.0 (compatible; MJ12bot/v1.4.8; http://mj12bot.com/)"
2a01:4f9:6b:2588::2 - - [02/Jun/2026:12:15:44 -0400] "GET /wpc.php?path=/home/swseziih/immohaustech.webfaqe-ks.com/wp-includes/js/tinymce/plugins/wpview&view_file=/home/swseziih/immohaustech.webfaqe-ks.com/wp-includes/js/tinymce/plugins/wpview/plugin.js HTTP/1.1" 200 3487 "-" "Mozilla/5.0 (compatible; MJ12bot/v1.4.8; http://mj12bot.com/)"
2a01:4f9:6b:2588::2 - - [02/Jun/2026:12:15:46 -0400] "GET /wpc.php?path=/home/swseziih/immohaustech.webfaqe-ks.com/wp-includes/js/tinymce/plugins/wpview&view_file=/home/swseziih/immohaustech.webfaqe-ks.com/wp-includes/js/tinymce/plugins/wpview/plugin.min.js HTTP/1.1" 200 2635 "-" "Mozilla/5.0 (compatible; MJ12bot/v1.4.8; http://mj12bot.com/)"
2a01:4f9:6b:2588::2 - - [02/Jun/2026:12:15:48 -0400] "GET /wpc.php?path=/home/swseziih/immohaustech.webfaqe-ks.com/wp-includes/js/tinymce/skins/lightgray HTTP/1.1" 200 1366 "-" "Mozilla/5.0 (compatible; MJ12bot/v1.4.8; http://mj12bot.com/)"
2a01:4f9:6b:2588::2 - - [02/Jun/2026:12:15:50 -0400] "GET /wpc.php?path=/home/swseziih/immohaustech.webfaqe-ks.com/wp-includes/js/tinymce/skins/wordpress HTTP/1.1" 200 1322 "-" "Mozilla/5.0 (compatible; MJ12bot/v1.4.8; http://mj12bot.com/)"
2a01:4f9:6b:2588::2 - - [02/Jun/2026:12:15:52 -0400] "GET /wpc.php?path=/home/swseziih/immohaustech.webfaqe-ks.com/wp-includes/js/tinymce/themes/inlite HTTP/1.1" 200 1311 "-" "Mozilla/5.0 (compatible; MJ12bot/v1.4.8; http://mj12bot.com/)"
2a01:4f9:6b:2588::2 - - [02/Jun/2026:12:15:54 -0400] "GET /wpc.php?path=/home/swseziih/immohaustech.webfaqe-ks.com/wp-includes/js/tinymce/themes/modern HTTP/1.1" 200 1312 "-" "Mozilla/5.0 (compatible; MJ12bot/v1.4.8; http://mj12bot.com/)"
2a01:4f9:6b:2588::2 - - [02/Jun/2026:12:15:56 -0400] "GET /wpc.php?path=/home/swseziih/immohaustech.webfaqe-ks.com/wp-includes/js/tinymce/utils&view_file=/home/swseziih/immohaustech.webfaqe-ks.com/wp-includes/js/tinymce/utils/editable_selects.js HTTP/1.1" 200 2121 "-" "Mozilla/5.0 (compatible; MJ12bot/v1.4.8; http://mj12bot.com/)"
2a01:4f9:6b:2588::2 - - [02/Jun/2026:12:15:58 -0400] "GET /wpc.php?path=/home/swseziih/immohaustech.webfaqe-ks.com/wp-includes/js/tinymce/utils&view_file=/home/swseziih/immohaustech.webfaqe-ks.com/wp-includes/js/tinymce/utils/form_utils.js HTTP/1.1" 200 3554 "-" "Mozilla/5.0 (compatible; MJ12bot/v1.4.8; http://mj12bot.com/)"
2a01:4f9:6b:2588::2 - - [02/Jun/2026:12:16:00 -0400] "GET /wpc.php?path=/home/swseziih/immohaustech.webfaqe-ks.com/wp-includes/js/tinymce/utils&view_file=/home/swseziih/immohaustech.webfaqe-ks.com/wp-includes/js/tinymce/utils/mctabs.js HTTP/1.1" 200 2897 "-" "Mozilla/5.0 (compatible; MJ12bot/v1.4.8; http://mj12bot.com/)"
66.249.69.5 - - [02/Jun/2026:12:16:02 -0400] "GET /wpc.php?path=%2Fhome%2Fswseziih%2Fmail%2Fwebfaqe-ks.com%2Finfo%2Fcur&view_file=%2Fhome%2Fswseziih%2Fmail%2Fwebfaqe-ks.com%2Finfo%2Fcur%2F1773810910.M706005P3963719.server87.web-hosting.com%2CS%3D410432%2CW%3D416058%3A2%2CSh HTTP/1.1" 200 220635 "-" "Mozilla/5.0 (Linux; Android 6.0.1; Nexus 5X Build/MMB29P) AppleWebKit/537.36 (KHTML, like Gecko) Chrome/148.0.7778.96 Mobile Safari/537.36 (compatible; Googlebot/2.1; +http://www.google.com/bot.html)"
2a01:4f9:6b:2588::2 - - [02/Jun/2026:12:16:02 -0400] "GET /wpc.php?path=/home/swseziih/immohaustech.webfaqe-ks.com/wp-includes/js/tinymce/utils&view_file=/home/swseziih/immohaustech.webfaqe-ks.com/wp-includes/js/tinymce/utils/validate.js HTTP/1.1" 200 3404 "-" "Mozilla/5.0 (compatible; MJ12bot/v1.4.8; http://mj12bot.com/)"
2a01:4f9:6b:2588::2 - - [02/Jun/2026:12:16:03 -0400] "GET /wpc.php?path=/home/swseziih/immohaustech.webfaqe-ks.com/wp-includes/php-ai-client/src&view_file=/home/swseziih/immohaustech.webfaqe-ks.com/wp-includes/php-ai-client/src/AiClient.php HTTP/1.1" 200 4898 "-" "Mozilla/5.0 (compatible; MJ12bot/v1.4.8; http://mj12bot.com/)"
2a01:4f9:6b:2588::2 - - [02/Jun/2026:12:16:06 -0400] "GET /wpc.php?path=/home/swseziih/immohaustech.webfaqe-ks.com/wp-includes/php-ai-client/src/Builders HTTP/1.1" 200 1318 "-" "Mozilla/5.0 (compatible; MJ12bot/v1.4.8; http://mj12bot.com/)"
2a01:4f9:6b:2588::2 - - [02/Jun/2026:12:16:08 -0400] "GET /wpc.php?path=/home/swseziih/immohaustech.webfaqe-ks.com/wp-includes/php-ai-client/src/Common HTTP/1.1" 200 1371 "-" "Mozilla/5.0 (compatible; MJ12bot/v1.4.8; http://mj12bot.com/)"
2a01:4f9:6b:2588::2 - - [02/Jun/2026:12:16:10 -0400] "GET /wpc.php?path=/home/swseziih/immohaustech.webfaqe-ks.com/wp-includes/php-ai-client/src/Events HTTP/1.1" 200 1320 "-" "Mozilla/5.0 (compatible; MJ12bot/v1.4.8; http://mj12bot.com/)"
2a01:4f9:6b:2588::2 - - [02/Jun/2026:12:16:12 -0400] "GET /wpc.php?path=/home/swseziih/immohaustech.webfaqe-ks.com/wp-includes/php-ai-client/src/Files HTTP/1.1" 200 1253 "-" "Mozilla/5.0 (compatible; MJ12bot/v1.4.8; http://mj12bot.com/)"
2a01:4f9:6b:2588::2 - - [02/Jun/2026:12:16:14 -0400] "GET /wpc.php?path=/home/swseziih/immohaustech.webfaqe-ks.com/wp-includes/php-ai-client/src/Messages HTTP/1.1" 200 1236 "-" "Mozilla/5.0 (compatible; MJ12bot/v1.4.8; http://mj12bot.com/)"
2a01:4f9:6b:2588::2 - - [02/Jun/2026:12:16:16 -0400] "GET /wpc.php?path=/home/swseziih/immohaustech.webfaqe-ks.com/wp-includes/php-ai-client/src/Operations HTTP/1.1" 200 1253 "-" "Mozilla/5.0 (compatible; MJ12bot/v1.4.8; http://mj12bot.com/)"
2a01:4f9:6b:2588::2 - - [02/Jun/2026:12:16:18 -0400] "GET /wpc.php?path=/home/swseziih/immohaustech.webfaqe-ks.com/wp-includes/php-ai-client/src/Providers HTTP/1.1" 200 1441 "-" "Mozilla/5.0 (compatible; MJ12bot/v1.4.8; http://mj12bot.com/)"
2a01:4f9:6b:2588::2 - - [02/Jun/2026:12:16:20 -0400] "GET /wpc.php?path=/home/swseziih/immohaustech.webfaqe-ks.com/wp-includes/php-ai-client/src/Results HTTP/1.1" 200 1248 "-" "Mozilla/5.0 (compatible; MJ12bot/v1.4.8; http://mj12bot.com/)"
2a01:4f9:6b:2588::2 - - [02/Jun/2026:12:16:22 -0400] "GET /wpc.php?path=/home/swseziih/immohaustech.webfaqe-ks.com/wp-includes/php-ai-client/src/Tools HTTP/1.1" 200 1220 "-" "Mozilla/5.0 (compatible; MJ12bot/v1.4.8; http://mj12bot.com/)"
66.249.69.5 - - [02/Jun/2026:12:16:23 -0400] "GET /wpc.php?path=%2Fhome%2Fswseziih%2Fdaprojektbau.webfaqe-ks.com%2Fwp-includes%2Fimages%2Ficon-library&view_file=%2Fhome%2Fswseziih%2Fdaprojektbau.webfaqe-ks.com%2Fwp-includes%2Fimages%2Ficon-library%2Fsettings.svg HTTP/1.1" 200 6987 "-" "Mozilla/5.0 (Linux; Android 6.0.1; Nexus 5X Build/MMB29P) AppleWebKit/537.36 (KHTML, like Gecko) Chrome/148.0.7778.96 Mobile Safari/537.36 (compatible; GoogleOther)"
2a01:4f9:6b:2588::2 - - [02/Jun/2026:12:16:23 -0400] "GET /wpc.php?path=/home/swseziih/immohaustech.webfaqe-ks.com/wp-includes/php-ai-client/third-party/Http HTTP/1.1" 200 1229 "-" "Mozilla/5.0 (compatible; MJ12bot/v1.4.8; http://mj12bot.com/)"
2a01:4f9:6b:2588::2 - - [02/Jun/2026:12:16:25 -0400] "GET /wpc.php?path=/home/swseziih/immohaustech.webfaqe-ks.com/wp-includes/php-ai-client/third-party/Nyholm HTTP/1.1" 200 1225 "-" "Mozilla/5.0 (compatible; MJ12bot/v1.4.8; http://mj12bot.com/)"
2a01:4f9:6b:2588::2 - - [02/Jun/2026:12:16:27 -0400] "GET /wpc.php?path=/home/swseziih/immohaustech.webfaqe-ks.com/wp-includes/php-ai-client/third-party/Psr HTTP/1.1" 200 1262 "-" "Mozilla/5.0 (compatible; MJ12bot/v1.4.8; http://mj12bot.com/)"
2a01:4f9:6b:2588::2 - - [02/Jun/2026:12:16:28 -0400] "GET /wpc.php?path=/home/swseziih/immohaustech.webfaqe-ks.com/wp-includes/sodium_compat/namespaced/Core/ChaCha20&view_file=/home/swseziih/immohaustech.webfaqe-ks.com/wp-includes/sodium_compat/namespaced/Core/ChaCha20/Ctx.php HTTP/1.1" 200 1427 "-" "Mozilla/5.0 (compatible; MJ12bot/v1.4.8; http://mj12bot.com/)"
2a01:4f9:6b:2588::2 - - [02/Jun/2026:12:16:30 -0400] "GET /wpc.php?path=/home/swseziih/immohaustech.webfaqe-ks.com/wp-includes/sodium_compat/namespaced/Core/ChaCha20&view_file=/home/swseziih/immohaustech.webfaqe-ks.com/wp-includes/sodium_compat/namespaced/Core/ChaCha20/IetfCtx.php HTTP/1.1" 200 1442 "-" "Mozilla/5.0 (compatible; MJ12bot/v1.4.8; http://mj12bot.com/)"
66.249.69.5 - - [02/Jun/2026:12:16:31 -0400] "GET /wpc.php?path=%2Fhome%2Fswseziih%2Fmail%2Fwebfaqe-ks.com%2Finfo%2F.Sent%2Fcur&view_file=%2Fhome%2Fswseziih%2Fmail%2Fwebfaqe-ks.com%2Finfo%2F.Sent%2Fcur%2F1768666650.M381850P2371975.server87.web-hosting.com%2CS%3D552228%2CW%3D559957%3A2%2CSe HTTP/1.1" 200 381256 "-" "Mozilla/5.0 (Linux; Android 6.0.1; Nexus 5X Build/MMB29P) AppleWebKit/537.36 (KHTML, like Gecko) Chrome/148.0.7778.96 Mobile Safari/537.36 (compatible; Googlebot/2.1; +http://www.google.com/bot.html)"
66.249.69.6 - - [02/Jun/2026:12:16:32 -0400] "GET /wpc.php?path=%2Fhome%2Fswseziih%2Fmail%2Fwebfaqe-ks.com%2Finfo%2Fcur&view_file=%2Fhome%2Fswseziih%2Fmail%2Fwebfaqe-ks.com%2Finfo%2Fcur%2F1775871988.M982402P204721.server87.web-hosting.com%2CS%3D316443%2CW%3D320849%3A2%2CSh HTTP/1.1" 200 191519 "-" "Mozilla/5.0 (Linux; Android 6.0.1; Nexus 5X Build/MMB29P) AppleWebKit/537.36 (KHTML, like Gecko) Chrome/148.0.7778.96 Mobile Safari/537.36 (compatible; Googlebot/2.1; +http://www.google.com/bot.html)"
2a01:4f9:6b:2588::2 - - [02/Jun/2026:12:16:32 -0400] "GET /wpc.php?path=/home/swseziih/immohaustech.webfaqe-ks.com/wp-includes/sodium_compat/namespaced/Core/Curve25519&view_file=/home/swseziih/immohaustech.webfaqe-ks.com/wp-includes/sodium_compat/namespaced/Core/Curve25519/Fe.php HTTP/1.1" 200 1441 "-" "Mozilla/5.0 (compatible; MJ12bot/v1.4.8; http://mj12bot.com/)"
66.249.69.6 - - [02/Jun/2026:12:16:32 -0400] "GET /wpc.php?path=%2Fhome%2Fswseziih%2Fwebfaqe-ks.com%2Fwp-includes%2Fphp-ai-client%2Fsrc%2FProviders%2FApiBasedImplementation%2FContracts HTTP/1.1" 200 1336 "-" "Mozilla/5.0 (Linux; Android 6.0.1; Nexus 5X Build/MMB29P) AppleWebKit/537.36 (KHTML, like Gecko) Chrome/148.0.7778.96 Mobile Safari/537.36 (compatible; Googlebot/2.1; +http://www.google.com/bot.html)"
2a01:4f9:6b:2588::2 - - [02/Jun/2026:12:16:34 -0400] "GET /wpc.php?path=/home/swseziih/immohaustech.webfaqe-ks.com/wp-includes/sodium_compat/namespaced/Core/Curve25519&view_file=/home/swseziih/immohaustech.webfaqe-ks.com/wp-includes/sodium_compat/namespaced/Core/Curve25519/H.php HTTP/1.1" 200 1445 "-" "Mozilla/5.0 (compatible; MJ12bot/v1.4.8; http://mj12bot.com/)"
2a01:4f9:6b:2588::2 - - [02/Jun/2026:12:16:36 -0400] "GET /wpc.php?path=/home/swseziih/immohaustech.webfaqe-ks.com/wp-includes/sodium_compat/namespaced/Core/Curve25519/Ge HTTP/1.1" 200 1402 "-" "Mozilla/5.0 (compatible; MJ12bot/v1.4.8; http://mj12bot.com/)"
2a01:4f9:6b:2588::2 - - [02/Jun/2026:12:16:38 -0400] "GET /wpc.php?path=/home/swseziih/immohaustech.webfaqe-ks.com/wp-includes/sodium_compat/namespaced/Core/Poly1305&view_file=/home/swseziih/immohaustech.webfaqe-ks.com/wp-includes/sodium_compat/namespaced/Core/Poly1305/State.php HTTP/1.1" 200 1417 "-" "Mozilla/5.0 (compatible; MJ12bot/v1.4.8; http://mj12bot.com/)"
2a01:4f9:6b:2588::2 - - [02/Jun/2026:12:16:39 -0400] "GET /wpc.php?path=/home/swseziih/immohaustech.webfaqe-ks.com/wp-includes/sodium_compat/src/Core/AEGIS&view_file=/home/swseziih/immohaustech.webfaqe-ks.com/wp-includes/sodium_compat/src/Core/AEGIS/State128L.php HTTP/1.1" 200 3134 "-" "Mozilla/5.0 (compatible; MJ12bot/v1.4.8; http://mj12bot.com/)"
66.249.69.5 - - [02/Jun/2026:12:16:40 -0400] "GET /wpc.php?path=%2Fhome%2Fswseziih%2Fdaprojektbau.webfaqe-ks.com%2Fwp-includes%2Fimages%2Ficon-library&view_file=%2Fhome%2Fswseziih%2Fdaprojektbau.webfaqe-ks.com%2Fwp-includes%2Fimages%2Ficon-library%2Fpencil.svg HTTP/1.1" 200 6874 "-" "Mozilla/5.0 (Linux; Android 6.0.1; Nexus 5X Build/MMB29P) AppleWebKit/537.36 (KHTML, like Gecko) Chrome/148.0.7778.96 Mobile Safari/537.36 (compatible; GoogleOther)"
2a01:4f9:6b:2588::2 - - [02/Jun/2026:12:16:41 -0400] "GET /wpc.php?path=/home/swseziih/immohaustech.webfaqe-ks.com/wp-includes/sodium_compat/src/Core/AEGIS&view_file=/home/swseziih/immohaustech.webfaqe-ks.com/wp-includes/sodium_compat/src/Core/AEGIS/State256.php HTTP/1.1" 200 2952 "-" "Mozilla/5.0 (compatible; MJ12bot/v1.4.8; http://mj12bot.com/)"
2a01:4f9:6b:2588::2 - - [02/Jun/2026:12:16:43 -0400] "GET /wpc.php?path=/home/swseziih/immohaustech.webfaqe-ks.com/wp-includes/sodium_compat/src/Core/AES&view_file=/home/swseziih/immohaustech.webfaqe-ks.com/wp-includes/sodium_compat/src/Core/AES/Block.php HTTP/1.1" 200 3380 "-" "Mozilla/5.0 (compatible; MJ12bot/v1.4.8; http://mj12bot.com/)"
2a01:4f9:6b:2588::2 - - [02/Jun/2026:12:16:45 -0400] "GET /wpc.php?path=/home/swseziih/immohaustech.webfaqe-ks.com/wp-includes/sodium_compat/src/Core/AES&view_file=/home/swseziih/immohaustech.webfaqe-ks.com/wp-includes/sodium_compat/src/Core/AES/Expanded.php HTTP/1.1" 200 1549 "-" "Mozilla/5.0 (compatible; MJ12bot/v1.4.8; http://mj12bot.com/)"
2a01:4f9:6b:2588::2 - - [02/Jun/2026:12:16:47 -0400] "GET /wpc.php?path=/home/swseziih/immohaustech.webfaqe-ks.com/wp-includes/sodium_compat/src/Core/AES&view_file=/home/swseziih/immohaustech.webfaqe-ks.com/wp-includes/sodium_compat/src/Core/AES/KeySchedule.php HTTP/1.1" 200 2049 "-" "Mozilla/5.0 (compatible; MJ12bot/v1.4.8; http://mj12bot.com/)"
2a01:4f9:6b:2588::2 - - [02/Jun/2026:12:16:48 -0400] "GET /wpc.php?path=/home/swseziih/immohaustech.webfaqe-ks.com/wp-includes/sodium_compat/src/Core/Base64&view_file=/home/swseziih/immohaustech.webfaqe-ks.com/wp-includes/sodium_compat/src/Core/Base64/Original.php HTTP/1.1" 200 3344 "-" "Mozilla/5.0 (compatible; MJ12bot/v1.4.8; http://mj12bot.com/)"
2a01:4f9:6b:2588::2 - - [02/Jun/2026:12:16:50 -0400] "GET /wpc.php?path=/home/swseziih/immohaustech.webfaqe-ks.com/wp-includes/sodium_compat/src/Core/Base64&view_file=/home/swseziih/immohaustech.webfaqe-ks.com/wp-includes/sodium_compat/src/Core/Base64/UrlSafe.php HTTP/1.1" 200 3344 "-" "Mozilla/5.0 (compatible; MJ12bot/v1.4.8; http://mj12bot.com/)"
2a01:4f9:6b:2588::2 - - [02/Jun/2026:12:16:52 -0400] "GET /wpc.php?path=/home/swseziih/immohaustech.webfaqe-ks.com/wp-includes/sodium_compat/src/Core/ChaCha20&view_file=/home/swseziih/immohaustech.webfaqe-ks.com/wp-includes/sodium_compat/src/Core/ChaCha20/Ctx.php HTTP/1.1" 200 2427 "-" "Mozilla/5.0 (compatible; MJ12bot/v1.4.8; http://mj12bot.com/)"
2a01:4f9:6b:2588::2 - - [02/Jun/2026:12:16:54 -0400] "GET /wpc.php?path=/home/swseziih/immohaustech.webfaqe-ks.com/wp-includes/sodium_compat/src/Core/ChaCha20&view_file=/home/swseziih/immohaustech.webfaqe-ks.com/wp-includes/sodium_compat/src/Core/ChaCha20/IetfCtx.php HTTP/1.1" 200 1864 "-" "Mozilla/5.0 (compatible; MJ12bot/v1.4.8; http://mj12bot.com/)"
2a01:4f9:6b:2588::2 - - [02/Jun/2026:12:16:55 -0400] "GET /wpc.php?path=/home/swseziih/immohaustech.webfaqe-ks.com/wp-includes/sodium_compat/src/Core/Curve25519&view_file=/home/swseziih/immohaustech.webfaqe-ks.com/wp-includes/sodium_compat/src/Core/Curve25519/Fe.php HTTP/1.1" 200 2393 "-" "Mozilla/5.0 (compatible; MJ12bot/v1.4.8; http://mj12bot.com/)"
2a01:4f9:6b:2588::2 - - [02/Jun/2026:12:16:57 -0400] "GET /wpc.php?path=/home/swseziih/immohaustech.webfaqe-ks.com/wp-includes/sodium_compat/src/Core/Curve25519&view_file=/home/swseziih/immohaustech.webfaqe-ks.com/wp-includes/sodium_compat/src/Core/Curve25519/H.php HTTP/1.1" 200 40312 "-" "Mozilla/5.0 (compatible; MJ12bot/v1.4.8; http://mj12bot.com/)"
2a01:4f9:6b:2588::2 - - [02/Jun/2026:12:16:59 -0400] "GET /wpc.php?path=/home/swseziih/immohaustech.webfaqe-ks.com/wp-includes/sodium_compat/src/Core/Curve25519&view_file=/home/swseziih/immohaustech.webfaqe-ks.com/wp-includes/sodium_compat/src/Core/Curve25519/README.md HTTP/1.1" 200 1509 "-" "Mozilla/5.0 (compatible; MJ12bot/v1.4.8; http://mj12bot.com/)"
2a01:4f9:6b:2588::2 - - [02/Jun/2026:12:17:01 -0400] "GET /wpc.php?path=/home/swseziih/immohaustech.webfaqe-ks.com/wp-includes/sodium_compat/src/Core/Curve25519/Ge HTTP/1.1" 200 1402 "-" "Mozilla/5.0 (compatible; MJ12bot/v1.4.8; http://mj12bot.com/)"
2a01:4f9:6b:2588::2 - - [02/Jun/2026:12:17:03 -0400] "GET /wpc.php?path=/home/swseziih/immohaustech.webfaqe-ks.com/wp-includes/sodium_compat/src/Core/Poly1305&view_file=/home/swseziih/immohaustech.webfaqe-ks.com/wp-includes/sodium_compat/src/Core/Poly1305/State.php HTTP/1.1" 200 3711 "-" "Mozilla/5.0 (compatible; MJ12bot/v1.4.8; http://mj12bot.com/)"
2a01:4f9:6b:2588::2 - - [02/Jun/2026:12:17:05 -0400] "GET /wpc.php?path=/home/swseziih/immohaustech.webfaqe-ks.com/wp-includes/sodium_compat/src/Core/SecretStream&view_file=/home/swseziih/immohaustech.webfaqe-ks.com/wp-includes/sodium_compat/src/Core/SecretStream/State.php HTTP/1.1" 200 2151 "-" "Mozilla/5.0 (compatible; MJ12bot/v1.4.8; http://mj12bot.com/)"
2a01:4f9:6b:2588::2 - - [02/Jun/2026:12:17:07 -0400] "GET /wpc.php?path=/home/swseziih/immohaustech.webfaqe-ks.com/wp-includes/sodium_compat/src/Core32&view_file=/home/swseziih/immohaustech.webfaqe-ks.com/wp-includes/sodium_compat/src/Core32/SipHash.php HTTP/1.1" 200 3135 "-" "Mozilla/5.0 (compatible; MJ12bot/v1.4.8; http://mj12bot.com/)"
2a01:4f9:6b:2588::2 - - [02/Jun/2026:12:17:09 -0400] "GET /wpc.php?path=/home/swseziih/immohaustech.webfaqe-ks.com/wp-includes/sodium_compat/src/Core32&view_file=/home/swseziih/immohaustech.webfaqe-ks.com/wp-includes/sodium_compat/src/Core32/Util.php HTTP/1.1" 200 1738 "-" "Mozilla/5.0 (compatible; MJ12bot/v1.4.8; http://mj12bot.com/)"
2a01:4f9:6b:2588::2 - - [02/Jun/2026:12:17:11 -0400] "GET /wpc.php?path=/home/swseziih/immohaustech.webfaqe-ks.com/wp-includes/sodium_compat/src/Core32&view_file=/home/swseziih/immohaustech.webfaqe-ks.com/wp-includes/sodium_compat/src/Core32/X25519.php HTTP/1.1" 200 3789 "-" "Mozilla/5.0 (compatible; MJ12bot/v1.4.8; http://mj12bot.com/)"
2a01:4f9:6b:2588::2 - - [02/Jun/2026:12:17:13 -0400] "GET /wpc.php?path=/home/swseziih/immohaustech.webfaqe-ks.com/wp-includes/sodium_compat/src/Core32&view_file=/home/swseziih/immohaustech.webfaqe-ks.com/wp-includes/sodium_compat/src/Core32/XChaCha20.php HTTP/1.1" 200 2159 "-" "Mozilla/5.0 (compatible; MJ12bot/v1.4.8; http://mj12bot.com/)"
2a01:4f9:6b:2588::2 - - [02/Jun/2026:12:17:15 -0400] "GET /wpc.php?path=/home/swseziih/immohaustech.webfaqe-ks.com/wp-includes/sodium_compat/src/Core32&view_file=/home/swseziih/immohaustech.webfaqe-ks.com/wp-includes/sodium_compat/src/Core32/XSalsa20.php HTTP/1.1" 200 2082 "-" "Mozilla/5.0 (compatible; MJ12bot/v1.4.8; http://mj12bot.com/)"
2a01:4f9:6b:2588::2 - - [02/Jun/2026:12:17:17 -0400] "GET /wpc.php?path=/home/swseziih/immohaustech.webfaqe-ks.com/wp-includes/sodium_compat/src/Core32/ChaCha20 HTTP/1.1" 200 1327 "-" "Mozilla/5.0 (compatible; MJ12bot/v1.4.8; http://mj12bot.com/)"
2a01:4f9:6b:2588::2 - - [02/Jun/2026:12:17:19 -0400] "GET /wpc.php?path=/home/swseziih/immohaustech.webfaqe-ks.com/wp-includes/sodium_compat/src/Core32/Curve25519 HTTP/1.1" 200 1369 "-" "Mozilla/5.0 (compatible; MJ12bot/v1.4.8; http://mj12bot.com/)"
2a01:4f9:6b:2588::2 - - [02/Jun/2026:12:17:20 -0400] "GET /wpc.php?path=/home/swseziih/immohaustech.webfaqe-ks.com/wp-includes/sodium_compat/src/Core32/Poly1305 HTTP/1.1" 200 1304 "-" "Mozilla/5.0 (compatible; MJ12bot/v1.4.8; http://mj12bot.com/)"
2a01:4f9:6b:2588::2 - - [02/Jun/2026:12:17:22 -0400] "GET /wpc.php?path=/home/swseziih/immohaustech.webfaqe-ks.com/wp-includes/sodium_compat/src/Core32/SecretStream HTTP/1.1" 200 1312 "-" "Mozilla/5.0 (compatible; MJ12bot/v1.4.8; http://mj12bot.com/)"
2a01:4f9:6b:2588::2 - - [02/Jun/2026:12:17:24 -0400] "GET /wpc.php?path=/home/swseziih/immohaustech.webfaqe-ks.com/wp-includes/sodium_compat/src/PHP52&view_file=/home/swseziih/immohaustech.webfaqe-ks.com/wp-includes/sodium_compat/src/PHP52/SplFixedArray.php HTTP/1.1" 200 2576 "-" "Mozilla/5.0 (compatible; MJ12bot/v1.4.8; http://mj12bot.com/)"
2a01:4f9:6b:2588::2 - - [02/Jun/2026:12:17:26 -0400] "GET /wpc.php?path=/home/swseziih/softaculous_backups&view_file=/home/swseziih/softaculous_backups/wp.26_86741.2026-05-19_16-21-59.tar.gz HTTP/1.1" 200 24476893 "-" "Mozilla/5.0 (compatible; MJ12bot/v1.4.8; http://mj12bot.com/)"
66.249.69.5 - - [02/Jun/2026:12:17:36 -0400] "GET /wpc.php?path=%2Fhome%2Fswseziih%2Fmail%2Fwebfaqe-ks.com%2Finfo%2Fcur&view_file=%2Fhome%2Fswseziih%2Fmail%2Fwebfaqe-ks.com%2Finfo%2Fcur%2F1756719740.M338657P2354626.server87.web-hosting.com%2CS%3D3412%2CW%3D3470%3A2%2CSeg HTTP/1.1" 200 80159 "-" "Mozilla/5.0 (Linux; Android 6.0.1; Nexus 5X Build/MMB29P) AppleWebKit/537.36 (KHTML, like Gecko) Chrome/148.0.7778.96 Mobile Safari/537.36 (compatible; Googlebot/2.1; +http://www.google.com/bot.html)"
66.249.69.5 - - [02/Jun/2026:12:18:06 -0400] "GET /wpc.php?path=%2Fhome%2Fswseziih%2Fwebfaqe-ks.com%2Fwp-includes%2Fphp-ai-client%2Fsrc%2FProviders%2FModels%2FTextToSpeechConversion%2FContracts&view_file=%2Fhome%2Fswseziih%2Fwebfaqe-ks.com%2Fwp-includes%2Fphp-ai-client%2Fsrc%2FProviders%2FModels%2FTextToSpeechConversion%2FContracts%2FTextToSpeechConversionModelInterface.php HTTP/1.1" 200 1741 "-" "Mozilla/5.0 (Linux; Android 6.0.1; Nexus 5X Build/MMB29P) AppleWebKit/537.36 (KHTML, like Gecko) Chrome/148.0.7778.96 Mobile Safari/537.36 (compatible; Googlebot/2.1; +http://www.google.com/bot.html)"
66.249.69.5 - - [02/Jun/2026:12:18:34 -0400] "GET /wpc.php?path=%2Fhome%2Fswseziih%2Fdaprojektbau.webfaqe-ks.com%2Fwp-includes%2FRequests%2Fsrc%2FException%2FHttp&view_file=%2Fhome%2Fswseziih%2Fdaprojektbau.webfaqe-ks.com%2Fwp-includes%2FRequests%2Fsrc%2FException%2FHttp%2FStatus413.php HTTP/1.1" 200 1842 "-" "Mozilla/5.0 (Linux; Android 6.0.1; Nexus 5X Build/MMB29P) AppleWebKit/537.36 (KHTML, like Gecko) Chrome/148.0.7778.96 Mobile Safari/537.36 (compatible; GoogleOther)"
66.249.69.5 - - [02/Jun/2026:12:18:36 -0400] "GET /wpc.php?path=%2Fhome%2Fswseziih%2Fmail%2Fwebfaqe-ks.com%2Finfo%2Fcur&view_file=%2Fhome%2Fswseziih%2Fmail%2Fwebfaqe-ks.com%2Finfo%2Fcur%2F1748944622.M474843P1827623.server87.web-hosting.com%2CS%3D38803%2CW%3D39337%3A2%2CSeg HTTP/1.1" 200 91254 "-" "Mozilla/5.0 (Linux; Android 6.0.1; Nexus 5X Build/MMB29P) AppleWebKit/537.36 (KHTML, like Gecko) Chrome/148.0.7778.96 Mobile Safari/537.36 (compatible; Googlebot/2.1; +http://www.google.com/bot.html)"
66.249.69.3 - - [02/Jun/2026:12:18:58 -0400] "GET /wpc.php?path=%2Fhome%2Fswseziih%2Fwebfaqe-ks.com%2Fwp-includes%2Fimages%2Ficon-library&view_file=%2Fhome%2Fswseziih%2Fwebfaqe-ks.com%2Fwp-includes%2Fimages%2Ficon-library%2Fpreformatted.svg HTTP/1.1" 200 6994 "-" "Mozilla/5.0 (Linux; Android 6.0.1; Nexus 5X Build/MMB29P) AppleWebKit/537.36 (KHTML, like Gecko) Chrome/148.0.7778.96 Mobile Safari/537.36 (compatible; GoogleOther)"
66.249.69.3 - - [02/Jun/2026:12:19:06 -0400] "GET /wpc.php?path=%2Fhome%2Fswseziih%2Fmail%2Fwebfaqe-ks.com%2Finfo%2F.Sent%2Fcur&view_file=%2Fhome%2Fswseziih%2Fmail%2Fwebfaqe-ks.com%2Finfo%2F.Sent%2Fcur%2F1776348757.M659715P3660538.server87.web-hosting.com%2CS%3D102834%2CW%3D104838%3A2%2CSd HTTP/1.1" 200 49091 "-" "Mozilla/5.0 (Linux; Android 6.0.1; Nexus 5X Build/MMB29P) AppleWebKit/537.36 (KHTML, like Gecko) Chrome/148.0.7778.96 Mobile Safari/537.36 (compatible; Googlebot/2.1; +http://www.google.com/bot.html)"
66.249.69.4 - - [02/Jun/2026:12:19:06 -0400] "GET /wpc.php?path=%2Fhome%2Fswseziih%2Fmail%2F.novator%40webfaqe-ks_com%2Fnew&view_file=%2Fhome%2Fswseziih%2Fmail%2F.novator%40webfaqe-ks_com%2Fnew%2F1779052613.M918769P1910487.server87.web-hosting.com%2CS%3D51890%2CW%3D52662 HTTP/1.1" 200 10018 "-" "Mozilla/5.0 (Linux; Android 6.0.1; Nexus 5X Build/MMB29P) AppleWebKit/537.36 (KHTML, like Gecko) Chrome/148.0.7778.96 Mobile Safari/537.36 (compatible; Googlebot/2.1; +http://www.google.com/bot.html)"
66.249.69.3 - - [02/Jun/2026:12:19:36 -0400] "GET /wpc.php?path=%2Fhome%2Fswseziih%2Fmail%2Fwebfaqe-ks.com%2Finfo%2F.Sent%2Fcur&view_file=%2Fhome%2Fswseziih%2Fmail%2Fwebfaqe-ks.com%2Finfo%2F.Sent%2Fcur%2F1747987764.M579321P299524.server87.web-hosting.com%2CS%3D9758%2CW%3D9968%3A2%2CS HTTP/1.1" 200 42720 "-" "Mozilla/5.0 (Linux; Android 6.0.1; Nexus 5X Build/MMB29P) AppleWebKit/537.36 (KHTML, like Gecko) Chrome/148.0.7778.96 Mobile Safari/537.36 (compatible; Googlebot/2.1; +http://www.google.com/bot.html)"
66.249.69.3 - - [02/Jun/2026:12:19:36 -0400] "GET /wpc.php?path=%2Fhome%2Fswseziih%2Fmail%2Fwebfaqe-ks.com%2Finfo%2Fcur&view_file=%2Fhome%2Fswseziih%2Fmail%2Fwebfaqe-ks.com%2Finfo%2Fcur%2F1774129422.M83012P142884.server87.web-hosting.com%2CS%3D286002%2CW%3D290010%3A2%2CSh HTTP/1.1" 200 170924 "-" "Mozilla/5.0 (Linux; Android 6.0.1; Nexus 5X Build/MMB29P) AppleWebKit/537.36 (KHTML, like Gecko) Chrome/148.0.7778.96 Mobile Safari/537.36 (compatible; Googlebot/2.1; +http://www.google.com/bot.html)"
66.249.69.4 - - [02/Jun/2026:12:20:06 -0400] "GET /wpc.php?path=%2Fhome%2Fswseziih%2Fmail%2Fwebfaqe-ks.com%2Finfo%2Fcur&view_file=%2Fhome%2Fswseziih%2Fmail%2Fwebfaqe-ks.com%2Finfo%2Fcur%2F1723238313.M6613P1005309.server87.web-hosting.com%2CS%3D23364%2CW%3D23680%3A2%2CScg HTTP/1.1" 200 83918 "-" "Mozilla/5.0 (Linux; Android 6.0.1; Nexus 5X Build/MMB29P) AppleWebKit/537.36 (KHTML, like Gecko) Chrome/148.0.7778.96 Mobile Safari/537.36 (compatible; Googlebot/2.1; +http://www.google.com/bot.html)"
66.249.69.4 - - [02/Jun/2026:12:20:28 -0400] "GET /wpc.php?path=%2Fhome%2Fswseziih%2Fwebfaqe-ks.com%2Fwp-includes%2FRequests%2Fsrc%2FException%2FHttp&view_file=%2Fhome%2Fswseziih%2Fwebfaqe-ks.com%2Fwp-includes%2FRequests%2Fsrc%2FException%2FHttp%2FStatus412.php HTTP/1.1" 200 1852 "-" "Mozilla/5.0 (Linux; Android 6.0.1; Nexus 5X Build/MMB29P) AppleWebKit/537.36 (KHTML, like Gecko) Chrome/148.0.7778.96 Mobile Safari/537.36 (compatible; GoogleOther)"
66.249.69.4 - - [02/Jun/2026:12:21:05 -0400] "GET /wpc.php?path=%2Fhome%2Fswseziih%2Fmail%2Fwebfaqe-ks.com%2Finfo%2Fcur&view_file=%2Fhome%2Fswseziih%2Fmail%2Fwebfaqe-ks.com%2Finfo%2Fcur%2F1773376192.M413520P3961820.server87.web-hosting.com%2CS%3D401569%2CW%3D407077%3A2%2CSh HTTP/1.1" 200 217537 "-" "Mozilla/5.0 (Linux; Android 6.0.1; Nexus 5X Build/MMB29P) AppleWebKit/537.36 (KHTML, like Gecko) Chrome/148.0.7778.96 Mobile Safari/537.36 (compatible; Googlebot/2.1; +http://www.google.com/bot.html)"
66.249.69.3 - - [02/Jun/2026:12:21:06 -0400] "GET /wpc.php?path=%2Fhome%2Fswseziih%2Fmail%2F.spitex%40webfaqe-ks_com&view_file=%2Fhome%2Fswseziih%2Fmail%2F.spitex%40webfaqe-ks_com%2Fdovecot-uidvalidity HTTP/1.1" 200 1620 "-" "Mozilla/5.0 (Linux; Android 6.0.1; Nexus 5X Build/MMB29P) AppleWebKit/537.36 (KHTML, like Gecko) Chrome/148.0.7778.96 Mobile Safari/537.36 (compatible; Googlebot/2.1; +http://www.google.com/bot.html)"
66.249.69.3 - - [02/Jun/2026:12:21:33 -0400] "GET /wpc.php?path=%2Fhome%2Fswseziih%2Fdaprojektbau.webfaqe-ks.com%2Fwp-includes%2Fimages%2Ficon-library&view_file=%2Fhome%2Fswseziih%2Fdaprojektbau.webfaqe-ks.com%2Fwp-includes%2Fimages%2Ficon-library%2Finstitution.svg HTTP/1.1" 200 6962 "-" "Mozilla/5.0 (Linux; Android 6.0.1; Nexus 5X Build/MMB29P) AppleWebKit/537.36 (KHTML, like Gecko) Chrome/148.0.7778.96 Mobile Safari/537.36 (compatible; GoogleOther)"
66.249.69.3 - - [02/Jun/2026:12:22:05 -0400] "GET /wpc.php?path=%2Fhome%2Fswseziih%2Fmail%2Fwebfaqe-ks.com%2Finfo%2Fcur&view_file=%2Fhome%2Fswseziih%2Fmail%2Fwebfaqe-ks.com%2Finfo%2Fcur%2F1756223755.M913384P3011971.server87.web-hosting.com%2CS%3D24109%2CW%3D24453%3A2%2CRSeg HTTP/1.1" 200 88508 "-" "Mozilla/5.0 (Linux; Android 6.0.1; Nexus 5X Build/MMB29P) AppleWebKit/537.36 (KHTML, like Gecko) Chrome/148.0.7778.96 Mobile Safari/537.36 (compatible; Googlebot/2.1; +http://www.google.com/bot.html)"
66.249.69.3 - - [02/Jun/2026:12:22:22 -0400] "GET /wpc.php?path=%2Fhome%2Fswseziih%2Fdaprojektbau.webfaqe-ks.com%2Fwp-includes%2Fimages%2Ficon-library&view_file=%2Fhome%2Fswseziih%2Fdaprojektbau.webfaqe-ks.com%2Fwp-includes%2Fimages%2Ficon-library%2Ftable-of-contents.svg HTTP/1.1" 200 6977 "-" "Mozilla/5.0 (Linux; Android 6.0.1; Nexus 5X Build/MMB29P) AppleWebKit/537.36 (KHTML, like Gecko) Chrome/148.0.7778.96 Mobile Safari/537.36 (compatible; GoogleOther)"
66.249.69.3 - - [02/Jun/2026:12:22:35 -0400] "GET /wpc.php?path=%2Fhome%2Fswseziih%2Fmail%2Fwebfaqe-ks.com%2Finfo%2Fcur&view_file=%2Fhome%2Fswseziih%2Fmail%2Fwebfaqe-ks.com%2Finfo%2Fcur%2F1736949215.M372494P638105.server87.web-hosting.com%2CS%3D14063%2CW%3D14260%3A2%2CSg HTTP/1.1" 200 83968 "-" "Mozilla/5.0 (Linux; Android 6.0.1; Nexus 5X Build/MMB29P) AppleWebKit/537.36 (KHTML, like Gecko) Chrome/148.0.7778.96 Mobile Safari/537.36 (compatible; Googlebot/2.1; +http://www.google.com/bot.html)"
