/home/swseziih/access-logs/valongarten.webfaqe-ks.com-ssl_log
66.249.72.7 - - [02/Jun/2026:08:45:39 -0400] "GET /robots.txt HTTP/1.1" 200 104 "-" "Mozilla/5.0 (compatible; Googlebot/2.1; +http://www.google.com/bot.html)"
66.249.72.7 - - [02/Jun/2026:08:45:41 -0400] "GET /wp-includes/js/tinymce/ HTTP/1.1" 403 1242 "-" "Mozilla/5.0 (Linux; Android 6.0.1; Nexus 5X Build/MMB29P) AppleWebKit/537.36 (KHTML, like Gecko) Chrome/148.0.7778.96 Mobile Safari/537.36 (compatible; Googlebot/2.1; +http://www.google.com/bot.html)"
104.210.140.134 - - [02/Jun/2026:08:46:48 -0400] "GET /robots.txt HTTP/1.1" 200 104 "-" "Mozilla/5.0 (Macintosh; Intel Mac OS X 10_15_7) AppleWebKit/537.36 (KHTML, like Gecko) Chrome/131.0.0.0 Safari/537.36; compatible; OAI-SearchBot/1.0; +https://openai.com/searchbot"
2a03:2880:f806:39:: - - [02/Jun/2026:08:50:30 -0400] "GET /kontakt HTTP/1.1" 404 16931 "-" "meta-externalagent/1.1 (+https://developers.facebook.com/docs/sharing/webmasters/crawler)"
198.54.114.25 - - [02/Jun/2026:09:02:12 -0400] "POST /wp-cron.php?doing_wp_cron=1780405332.2084190845489501953125 HTTP/1.1" 200 0 "-" "WordPress/7.0; https://valongarten.webfaqe-ks.com"
2a03:2880:f806:51:: - - [02/Jun/2026:09:02:10 -0400] "GET /2026/04/29/hello-world/ HTTP/1.1" 200 18681 "-" "meta-externalagent/1.1 (+https://developers.facebook.com/docs/sharing/webmasters/crawler)"
66.249.72.6 - - [02/Jun/2026:09:40:24 -0400] "GET /uber-uns HTTP/1.1" 404 16931 "-" "Mozilla/5.0 (Linux; Android 6.0.1; Nexus 5X Build/MMB29P) AppleWebKit/537.36 (KHTML, like Gecko) Chrome/148.0.7778.96 Mobile Safari/537.36 (compatible; Googlebot/2.1; +http://www.google.com/bot.html)"
158.173.67.123 - - [02/Jun/2026:09:41:29 -0400] "GET /wp-content/plugins/fix/up.php HTTP/1.1" 404 16931 "http://valongarten.webfaqe-ks.com/wp-content/plugins/fix/up.php" "Mozilla/5.0"
158.173.67.81 - - [02/Jun/2026:09:41:31 -0400] "GET /wp-content/plugins/fix/up.php HTTP/1.1" 404 16931 "-" "Mozilla/5.0"
198.54.114.25 - - [02/Jun/2026:10:19:35 -0400] "POST /wp-cron.php?doing_wp_cron=1780409975.4509348869323730468750 HTTP/1.1" 200 0 "-" "WordPress/7.0; https://valongarten.webfaqe-ks.com"
2a03:2880:f806:11:: - - [02/Jun/2026:10:19:33 -0400] "GET /post-sitemap.xml HTTP/1.1" 404 16931 "-" "meta-externalagent/1.1 (+https://developers.facebook.com/docs/sharing/webmasters/crawler)"
147.185.132.55 - - [02/Jun/2026:10:38:37 -0400] "GET / HTTP/1.1" 200 26317 "-" "Hello from Palo Alto Networks, find out more about our scans in https://docs-cortex.paloaltonetworks.com/r/1/Cortex-Xpanse/Scanning-activity"
2a03:2880:f806:47:: - - [02/Jun/2026:10:46:02 -0400] "GET /referenzen HTTP/1.1" 404 16931 "-" "meta-externalagent/1.1 (+https://developers.facebook.com/docs/sharing/webmasters/crawler)"
198.54.114.25 - - [02/Jun/2026:11:10:25 -0400] "POST /wp-cron.php?doing_wp_cron=1780413025.2444219589233398437500 HTTP/1.1" 200 0 "-" "WordPress/7.0; https://valongarten.webfaqe-ks.com"
2607:f8b0:4001:c47::2 - - [02/Jun/2026:11:10:23 -0400] "GET /wp-admin/ HTTP/1.1" 302 0 "https://leopflasterungen.at/" "Mozilla/5.0 (Windows NT 10.0; Win64; x64) AppleWebKit/537.36 (KHTML, like Gecko) Chrome/148.0.0.0 Safari/537.36"
2607:f8b0:4001:c47::2 - - [02/Jun/2026:11:10:25 -0400] "GET /wp-login.php?redirect_to=https%3A%2F%2Fvalongarten.webfaqe-ks.com%2Fwp-admin%2F&reauth=1 HTTP/1.1" 200 1963 "https://leopflasterungen.at/" "Mozilla/5.0 (Windows NT 10.0; Win64; x64) AppleWebKit/537.36 (KHTML, like Gecko) Chrome/148.0.0.0 Safari/537.36"
2607:f8b0:4001:c47::2 - - [02/Jun/2026:11:10:25 -0400] "GET /wp-includes/css/dashicons.min.css?ver=7.0 HTTP/1.1" 200 35101 "https://valongarten.webfaqe-ks.com/wp-login.php?redirect_to=https%3A%2F%2Fvalongarten.webfaqe-ks.com%2Fwp-admin%2F&reauth=1" "Mozilla/5.0 (Windows NT 10.0; Win64; x64) AppleWebKit/537.36 (KHTML, like Gecko) Chrome/148.0.0.0 Safari/537.36"
2607:f8b0:4001:c47::2 - - [02/Jun/2026:11:10:25 -0400] "GET /wp-includes/css/buttons.min.css?ver=7.0 HTTP/1.1" 200 1457 "https://valongarten.webfaqe-ks.com/wp-login.php?redirect_to=https%3A%2F%2Fvalongarten.webfaqe-ks.com%2Fwp-admin%2F&reauth=1" "Mozilla/5.0 (Windows NT 10.0; Win64; x64) AppleWebKit/537.36 (KHTML, like Gecko) Chrome/148.0.0.0 Safari/537.36"
2607:f8b0:4001:c47::2 - - [02/Jun/2026:11:10:25 -0400] "GET /wp-admin/css/login.min.css?ver=7.0 HTTP/1.1" 200 2019 "https://valongarten.webfaqe-ks.com/wp-login.php?redirect_to=https%3A%2F%2Fvalongarten.webfaqe-ks.com%2Fwp-admin%2F&reauth=1" "Mozilla/5.0 (Windows NT 10.0; Win64; x64) AppleWebKit/537.36 (KHTML, like Gecko) Chrome/148.0.0.0 Safari/537.36"
2607:f8b0:4001:c47::2 - - [02/Jun/2026:11:10:25 -0400] "GET /wp-includes/css/dist/base-styles/admin-schemes.min.css?ver=7.0 HTTP/1.1" 200 725 "https://valongarten.webfaqe-ks.com/wp-login.php?redirect_to=https%3A%2F%2Fvalongarten.webfaqe-ks.com%2Fwp-admin%2F&reauth=1" "Mozilla/5.0 (Windows NT 10.0; Win64; x64) AppleWebKit/537.36 (KHTML, like Gecko) Chrome/148.0.0.0 Safari/537.36"
2607:f8b0:4001:c47::2 - - [02/Jun/2026:11:10:25 -0400] "GET /wp-admin/css/forms.min.css?ver=7.0 HTTP/1.1" 200 6484 "https://valongarten.webfaqe-ks.com/wp-login.php?redirect_to=https%3A%2F%2Fvalongarten.webfaqe-ks.com%2Fwp-admin%2F&reauth=1" "Mozilla/5.0 (Windows NT 10.0; Win64; x64) AppleWebKit/537.36 (KHTML, like Gecko) Chrome/148.0.0.0 Safari/537.36"
2607:f8b0:4001:c47::2 - - [02/Jun/2026:11:10:25 -0400] "GET /wp-admin/css/l10n.min.css?ver=7.0 HTTP/1.1" 200 675 "https://valongarten.webfaqe-ks.com/wp-login.php?redirect_to=https%3A%2F%2Fvalongarten.webfaqe-ks.com%2Fwp-admin%2F&reauth=1" "Mozilla/5.0 (Windows NT 10.0; Win64; x64) AppleWebKit/537.36 (KHTML, like Gecko) Chrome/148.0.0.0 Safari/537.36"
2607:f8b0:4001:c47::2 - - [02/Jun/2026:11:10:25 -0400] "GET /wp-admin/images/wordpress-logo-gray.svg?ver=20260303 HTTP/1.1" 200 759 "https://valongarten.webfaqe-ks.com/wp-admin/css/login.min.css?ver=7.0" "Mozilla/5.0 (Windows NT 10.0; Win64; x64) AppleWebKit/537.36 (KHTML, like Gecko) Chrome/148.0.0.0 Safari/537.36"
2607:f8b0:4001:c47::2 - - [02/Jun/2026:11:10:25 -0400] "GET /wp-includes/js/dist/a11y.min.js?ver=af934e5259bc51b8718e HTTP/1.1" 200 912 "https://valongarten.webfaqe-ks.com/wp-login.php?redirect_to=https%3A%2F%2Fvalongarten.webfaqe-ks.com%2Fwp-admin%2F&reauth=1" "Mozilla/5.0 (Windows NT 10.0; Win64; x64) AppleWebKit/537.36 (KHTML, like Gecko) Chrome/148.0.0.0 Safari/537.36"
2607:f8b0:4001:c47::2 - - [02/Jun/2026:11:10:25 -0400] "GET /wp-includes/js/dist/dom-ready.min.js?ver=a06281ae5cf5500e9317 HTTP/1.1" 200 397 "https://valongarten.webfaqe-ks.com/wp-login.php?redirect_to=https%3A%2F%2Fvalongarten.webfaqe-ks.com%2Fwp-admin%2F&reauth=1" "Mozilla/5.0 (Windows NT 10.0; Win64; x64) AppleWebKit/537.36 (KHTML, like Gecko) Chrome/148.0.0.0 Safari/537.36"
2607:f8b0:4001:c47::2 - - [02/Jun/2026:11:10:25 -0400] "GET /wp-includes/js/wp-util.min.js?ver=7.0 HTTP/1.1" 200 693 "https://valongarten.webfaqe-ks.com/wp-login.php?redirect_to=https%3A%2F%2Fvalongarten.webfaqe-ks.com%2Fwp-admin%2F&reauth=1" "Mozilla/5.0 (Windows NT 10.0; Win64; x64) AppleWebKit/537.36 (KHTML, like Gecko) Chrome/148.0.0.0 Safari/537.36"
2607:f8b0:4001:c47::2 - - [02/Jun/2026:11:10:25 -0400] "GET /wp-includes/js/zxcvbn-async.min.js?ver=1.0 HTTP/1.1" 200 187 "https://valongarten.webfaqe-ks.com/wp-login.php?redirect_to=https%3A%2F%2Fvalongarten.webfaqe-ks.com%2Fwp-admin%2F&reauth=1" "Mozilla/5.0 (Windows NT 10.0; Win64; x64) AppleWebKit/537.36 (KHTML, like Gecko) Chrome/148.0.0.0 Safari/537.36"
2607:f8b0:4001:c47::2 - - [02/Jun/2026:11:10:25 -0400] "GET /wp-includes/js/jquery/jquery.min.js?ver=3.7.1 HTTP/1.1" 200 29744 "https://valongarten.webfaqe-ks.com/wp-login.php?redirect_to=https%3A%2F%2Fvalongarten.webfaqe-ks.com%2Fwp-admin%2F&reauth=1" "Mozilla/5.0 (Windows NT 10.0; Win64; x64) AppleWebKit/537.36 (KHTML, like Gecko) Chrome/148.0.0.0 Safari/537.36"
2607:f8b0:4001:c47::2 - - [02/Jun/2026:11:10:25 -0400] "GET /wp-includes/js/underscore.min.js?ver=1.13.8 HTTP/1.1" 200 7228 "https://valongarten.webfaqe-ks.com/wp-login.php?redirect_to=https%3A%2F%2Fvalongarten.webfaqe-ks.com%2Fwp-admin%2F&reauth=1" "Mozilla/5.0 (Windows NT 10.0; Win64; x64) AppleWebKit/537.36 (KHTML, like Gecko) Chrome/148.0.0.0 Safari/537.36"
2607:f8b0:4001:c47::2 - - [02/Jun/2026:11:10:25 -0400] "GET /wp-includes/js/clipboard.min.js?ver=2.0.11 HTTP/1.1" 200 2989 "https://valongarten.webfaqe-ks.com/wp-login.php?redirect_to=https%3A%2F%2Fvalongarten.webfaqe-ks.com%2Fwp-admin%2F&reauth=1" "Mozilla/5.0 (Windows NT 10.0; Win64; x64) AppleWebKit/537.36 (KHTML, like Gecko) Chrome/148.0.0.0 Safari/537.36"
2607:f8b0:4001:c47::2 - - [02/Jun/2026:11:10:25 -0400] "GET /wp-admin/js/user-profile.min.js?ver=7.0 HTTP/1.1" 200 2889 "https://valongarten.webfaqe-ks.com/wp-login.php?redirect_to=https%3A%2F%2Fvalongarten.webfaqe-ks.com%2Fwp-admin%2F&reauth=1" "Mozilla/5.0 (Windows NT 10.0; Win64; x64) AppleWebKit/537.36 (KHTML, like Gecko) Chrome/148.0.0.0 Safari/537.36"
2607:f8b0:4001:c47::2 - - [02/Jun/2026:11:10:26 -0400] "GET /wp-content/uploads/2026/04/cropped-jdo750cypSYC-32x32.png HTTP/1.1" 200 2112 "https://valongarten.webfaqe-ks.com/wp-login.php?redirect_to=https%3A%2F%2Fvalongarten.webfaqe-ks.com%2Fwp-admin%2F&reauth=1" "Mozilla/5.0 (Windows NT 10.0; Win64; x64) AppleWebKit/537.36 (KHTML, like Gecko) Chrome/148.0.0.0 Safari/537.36"
2607:f8b0:4001:c47::2 - - [02/Jun/2026:11:10:27 -0400] "GET /wp-admin/js/password-strength-meter.min.js?ver=7.0 HTTP/1.1" 200 558 "https://valongarten.webfaqe-ks.com/wp-login.php?redirect_to=https%3A%2F%2Fvalongarten.webfaqe-ks.com%2Fwp-admin%2F&reauth=1" "Mozilla/5.0 (Windows NT 10.0; Win64; x64) AppleWebKit/537.36 (KHTML, like Gecko) Chrome/148.0.0.0 Safari/537.36"
2607:f8b0:4001:c47::2 - - [02/Jun/2026:11:10:27 -0400] "GET /wp-includes/js/dist/hooks.min.js?ver=7496969728ca0f95732d HTTP/1.1" 200 1712 "https://valongarten.webfaqe-ks.com/wp-login.php?redirect_to=https%3A%2F%2Fvalongarten.webfaqe-ks.com%2Fwp-admin%2F&reauth=1" "Mozilla/5.0 (Windows NT 10.0; Win64; x64) AppleWebKit/537.36 (KHTML, like Gecko) Chrome/148.0.0.0 Safari/537.36"
2607:f8b0:4001:c47::2 - - [02/Jun/2026:11:10:27 -0400] "GET /wp-includes/js/jquery/jquery-migrate.min.js?ver=3.4.1 HTTP/1.1" 200 4678 "https://valongarten.webfaqe-ks.com/wp-login.php?redirect_to=https%3A%2F%2Fvalongarten.webfaqe-ks.com%2Fwp-admin%2F&reauth=1" "Mozilla/5.0 (Windows NT 10.0; Win64; x64) AppleWebKit/537.36 (KHTML, like Gecko) Chrome/148.0.0.0 Safari/537.36"
2607:f8b0:4001:c47::2 - - [02/Jun/2026:11:10:27 -0400] "GET /wp-includes/js/dist/i18n.min.js?ver=781d11515ad3d91786ec HTTP/1.1" 200 2330 "https://valongarten.webfaqe-ks.com/wp-login.php?redirect_to=https%3A%2F%2Fvalongarten.webfaqe-ks.com%2Fwp-admin%2F&reauth=1" "Mozilla/5.0 (Windows NT 10.0; Win64; x64) AppleWebKit/537.36 (KHTML, like Gecko) Chrome/148.0.0.0 Safari/537.36"
2607:f8b0:4001:c47::2 - - [02/Jun/2026:11:10:27 -0400] "GET /wp-includes/js/zxcvbn.min.js HTTP/1.1" 200 389493 "https://valongarten.webfaqe-ks.com/wp-login.php?redirect_to=https%3A%2F%2Fvalongarten.webfaqe-ks.com%2Fwp-admin%2F&reauth=1" "Mozilla/5.0 (Windows NT 10.0; Win64; x64) AppleWebKit/537.36 (KHTML, like Gecko) Chrome/148.0.0.0 Safari/537.36"
198.54.114.25 - - [02/Jun/2026:12:11:10 -0400] "POST /wp-cron.php?doing_wp_cron=1780416670.6767649650573730468750 HTTP/1.1" 200 0 "-" "WordPress/7.0; https://valongarten.webfaqe-ks.com"
2a03:2880:f806:43:: - - [02/Jun/2026:12:11:09 -0400] "GET /category/uncategorized HTTP/1.1" 301 0 "-" "meta-externalagent/1.1 (+https://developers.facebook.com/docs/sharing/webmasters/crawler)"
216.73.217.127 - - [02/Jun/2026:12:17:17 -0400] "GET /robots.txt HTTP/1.1" 200 104 "-" "Mozilla/5.0 AppleWebKit/537.36 (KHTML, like Gecko; compatible; ClaudeBot/1.0; +claudebot@anthropic.com)"
216.73.217.127 - - [02/Jun/2026:12:17:18 -0400] "GET / HTTP/1.1" 200 26317 "-" "Mozilla/5.0 AppleWebKit/537.36 (KHTML, like Gecko; compatible; ClaudeBot/1.0; +claudebot@anthropic.com)"
198.54.114.25 - - [02/Jun/2026:13:53:17 -0400] "POST /wp-cron.php?doing_wp_cron=1780422797.8058810234069824218750 HTTP/1.1" 200 0 "-" "WordPress/7.0; https://valongarten.webfaqe-ks.com"
216.73.216.66 - - [02/Jun/2026:13:53:16 -0400] "GET /wp-sitemap.xml HTTP/1.1" 200 212 "-" "Mozilla/5.0 AppleWebKit/537.36 (KHTML, like Gecko; compatible; ClaudeBot/1.0; +claudebot@anthropic.com)"
198.54.114.25 - - [02/Jun/2026:14:49:58 -0400] "POST /wp-cron.php?doing_wp_cron=1780426198.7928299903869628906250 HTTP/1.1" 200 0 "-" "WordPress/7.0; https://valongarten.webfaqe-ks.com"
216.73.216.66 - - [02/Jun/2026:14:49:57 -0400] "GET /wp-sitemap.xml HTTP/1.1" 200 212 "-" "Mozilla/5.0 AppleWebKit/537.36 (KHTML, like Gecko; compatible; ClaudeBot/1.0; +claudebot@anthropic.com)"
198.54.114.25 - - [02/Jun/2026:14:57:30 -0400] "POST /wp-cron.php?doing_wp_cron=1780426650.4401850700378417968750 HTTP/1.1" 200 0 "-" "WordPress/7.0; https://valongarten.webfaqe-ks.com"
2a03:2880:10ff:5b:: - - [02/Jun/2026:14:57:29 -0400] "GET /robots.txt HTTP/1.1" 200 104 "-" "facebookexternalhit/1.1 (+http://www.facebook.com/externalhit_uatext.php)"
2a03:2880:16ff:: - - [02/Jun/2026:15:38:43 -0400] "GET /robots.txt HTTP/1.1" 200 104 "-" "facebookexternalhit/1.1 (+http://www.facebook.com/externalhit_uatext.php)"
2a03:2880:f806:4f:: - - [02/Jun/2026:15:38:50 -0400] "GET /author/jakupigartenadm/ HTTP/1.1" 404 16931 "-" "meta-externalagent/1.1 (+https://developers.facebook.com/docs/sharing/webmasters/crawler)"
66.249.72.6 - - [02/Jun/2026:15:54:02 -0400] "GET /robots.txt HTTP/1.1" 200 104 "-" "Mozilla/5.0 (compatible; Googlebot/2.1; +http://www.google.com/bot.html)"
66.249.72.6 - - [02/Jun/2026:15:54:03 -0400] "GET /wp-content/uploads/2026/04/cropped-jdo750cypSYC-32x32.png HTTP/1.1" 200 2112 "-" "Googlebot-Image/1.0"
198.54.114.25 - - [02/Jun/2026:16:11:03 -0400] "POST /wp-cron.php?doing_wp_cron=1780431063.6417219638824462890625 HTTP/1.1" 200 0 "-" "WordPress/7.0; https://valongarten.webfaqe-ks.com"
198.54.114.25 - - [02/Jun/2026:16:10:59 -0400] "GET / HTTP/1.1" 200 26317 "-" "Mozilla/5.0 (Windows NT 10.0; Win64; x64; rv:122.0) Gecko/20100101 Firefox/122.0"
2a03:2880:f806:43:: - - [02/Jun/2026:16:17:27 -0400] "GET /elementor-hf/header/ HTTP/1.1" 301 0 "-" "meta-externalagent/1.1 (+https://developers.facebook.com/docs/sharing/webmasters/crawler)"