/home/swseziih/access-logs/webfaqe-ks.com.sws-elektrotechnik.at-ssl_log
198.54.114.25 - - [02/Jun/2026:08:12:40 -0400] "POST /wp-cron.php?doing_wp_cron=1780402360.7158401012420654296875 HTTP/1.1" 200 0 "-" "WordPress/7.0; https://webfaqe-ks.com"
66.249.77.227 - - [02/Jun/2026:08:12:37 -0400] "GET /dup-installer/wp-includes/css/dist/patterns/ HTTP/1.1" 404 20377 "-" "Mozilla/5.0 (Linux; Android 6.0.1; Nexus 5X Build/MMB29P) AppleWebKit/537.36 (KHTML, like Gecko) Chrome/148.0.7778.96 Mobile Safari/537.36 (compatible; Googlebot/2.1; +http://www.google.com/bot.html)"
198.54.114.25 - - [02/Jun/2026:08:13:39 -0400] "POST /wp-cron.php?doing_wp_cron=1780402419.4558269977569580078125 HTTP/1.1" 200 0 "-" "WordPress/7.0; https://webfaqe-ks.com"
66.249.77.228 - - [02/Jun/2026:08:13:39 -0400] "GET /wp-admin/maint/network/ HTTP/1.1" 404 20336 "-" "Mozilla/5.0 (Linux; Android 6.0.1; Nexus 5X Build/MMB29P) AppleWebKit/537.36 (KHTML, like Gecko) Chrome/148.0.7778.96 Mobile Safari/537.36 (compatible; Googlebot/2.1; +http://www.google.com/bot.html)"
185.171.63.99 - - [02/Jun/2026:08:15:23 -0400] "GET / HTTP/1.1" 200 0 "https://leopflasterungen.at/" "Mozilla/5.0 (Windows NT 10.0; Win64; x64) AppleWebKit/537.36 (KHTML, like Gecko) Chrome/148.0.0.0 Safari/537.36"
198.54.114.25 - - [02/Jun/2026:08:15:38 -0400] "POST /wp-cron.php?doing_wp_cron=1780402538.6371150016784667968750 HTTP/1.1" 200 0 "-" "WordPress/7.0; https://webfaqe-ks.com"
185.171.63.99 - - [02/Jun/2026:08:15:27 -0400] "GET / HTTP/1.1" 200 27325 "https://leopflasterungen.at/" "Mozilla/5.0 (Windows NT 10.0; Win64; x64) AppleWebKit/537.36 (KHTML, like Gecko) Chrome/148.0.0.0 Safari/537.36"
185.171.63.99 - - [02/Jun/2026:08:15:38 -0400] "GET /wp-content/plugins/elementor-pro/assets/css/widget-blockquote.min.css?ver=3.25.0 HTTP/1.1" 404 20336 "https://webfaqe-ks.com/" "Mozilla/5.0 (Windows NT 10.0; Win64; x64) AppleWebKit/537.36 (KHTML, like Gecko) Chrome/148.0.0.0 Safari/537.36"
185.171.63.99 - - [02/Jun/2026:08:15:38 -0400] "GET /wp-content/plugins/elementor-pro/assets/css/widget-mega-menu.min.css?ver=3.26.2 HTTP/1.1" 404 20383 "https://webfaqe-ks.com/" "Mozilla/5.0 (Windows NT 10.0; Win64; x64) AppleWebKit/537.36 (KHTML, like Gecko) Chrome/148.0.0.0 Safari/537.36"
198.54.114.25 - - [02/Jun/2026:08:15:40 -0400] "POST /wp-cron.php?doing_wp_cron=1780402540.7961010932922363281250 HTTP/1.1" 200 0 "-" "WordPress/7.0; https://webfaqe-ks.com"
185.171.63.99 - - [02/Jun/2026:08:15:38 -0400] "GET / HTTP/1.1" 200 27325 "https://leopflasterungen.at/" "Mozilla/5.0 (Windows NT 10.0; Win64; x64) AppleWebKit/537.36 (KHTML, like Gecko) Chrome/148.0.0.0 Safari/537.36"
185.171.63.99 - - [02/Jun/2026:08:15:38 -0400] "GET /wp-content/plugins/elementor-pro/assets/css/widget-nav-menu.min.css?ver=3.26.0 HTTP/1.1" 404 20333 "https://webfaqe-ks.com/" "Mozilla/5.0 (Windows NT 10.0; Win64; x64) AppleWebKit/537.36 (KHTML, like Gecko) Chrome/148.0.0.0 Safari/537.36"
185.171.63.99 - - [02/Jun/2026:08:15:41 -0400] "GET /wp-content/plugins/pro-elements/assets/js/frontend.min.js?ver=3.35.0 HTTP/1.1" 304 0 "https://webfaqe-ks.com/" "Mozilla/5.0 (Windows NT 10.0; Win64; x64) AppleWebKit/537.36 (KHTML, like Gecko) Chrome/148.0.0.0 Safari/537.36"
185.171.63.99 - - [02/Jun/2026:08:15:41 -0400] "GET /wp-content/plugins/pro-elements/assets/js/elements-handlers.min.js?ver=3.35.0 HTTP/1.1" 304 0 "https://webfaqe-ks.com/" "Mozilla/5.0 (Windows NT 10.0; Win64; x64) AppleWebKit/537.36 (KHTML, like Gecko) Chrome/148.0.0.0 Safari/537.36"
185.171.63.99 - - [02/Jun/2026:08:15:41 -0400] "GET /wp-includes/js/dist/i18n.min.js?ver=781d11515ad3d91786ec HTTP/1.1" 304 0 "https://webfaqe-ks.com/" "Mozilla/5.0 (Windows NT 10.0; Win64; x64) AppleWebKit/537.36 (KHTML, like Gecko) Chrome/148.0.0.0 Safari/537.36"
185.171.63.99 - - [02/Jun/2026:08:15:41 -0400] "GET /wp-content/plugins/elementor-pro/assets/css/widget-mega-menu.min.css?ver=3.26.2 HTTP/1.1" 404 20384 "https://webfaqe-ks.com/" "Mozilla/5.0 (Windows NT 10.0; Win64; x64) AppleWebKit/537.36 (KHTML, like Gecko) Chrome/148.0.0.0 Safari/537.36"
185.171.63.99 - - [02/Jun/2026:08:15:41 -0400] "GET /wp-content/plugins/elementor-pro/assets/css/widget-blockquote.min.css?ver=3.25.0 HTTP/1.1" 404 20333 "https://webfaqe-ks.com/" "Mozilla/5.0 (Windows NT 10.0; Win64; x64) AppleWebKit/537.36 (KHTML, like Gecko) Chrome/148.0.0.0 Safari/537.36"
185.171.63.99 - - [02/Jun/2026:08:15:41 -0400] "GET /wp-content/plugins/elementor-pro/assets/css/widget-nav-menu.min.css?ver=3.26.0 HTTP/1.1" 404 20331 "https://webfaqe-ks.com/" "Mozilla/5.0 (Windows NT 10.0; Win64; x64) AppleWebKit/537.36 (KHTML, like Gecko) Chrome/148.0.0.0 Safari/537.36"
185.171.63.99 - - [02/Jun/2026:08:15:42 -0400] "GET /wp-includes/js/dist/hooks.min.js?ver=7496969728ca0f95732d HTTP/1.1" 304 0 "https://webfaqe-ks.com/" "Mozilla/5.0 (Windows NT 10.0; Win64; x64) AppleWebKit/537.36 (KHTML, like Gecko) Chrome/148.0.0.0 Safari/537.36"
185.171.63.99 - - [02/Jun/2026:08:15:42 -0400] "GET /wp-content/plugins/pro-elements/assets/js/webpack-pro.runtime.min.js?ver=3.35.0 HTTP/1.1" 304 0 "https://webfaqe-ks.com/" "Mozilla/5.0 (Windows NT 10.0; Win64; x64) AppleWebKit/537.36 (KHTML, like Gecko) Chrome/148.0.0.0 Safari/537.36"
185.171.63.99 - - [02/Jun/2026:08:15:42 -0400] "GET /wp-content/plugins/the-plus-addons-for-elementor-page-builder/modules/extensions/wrapper-link/plus-wrapper-link.min.js?ver=6.4.13 HTTP/1.1" 304 0 "https://webfaqe-ks.com/" "Mozilla/5.0 (Windows NT 10.0; Win64; x64) AppleWebKit/537.36 (KHTML, like Gecko) Chrome/148.0.0.0 Safari/537.36"
185.171.63.99 - - [02/Jun/2026:08:15:42 -0400] "GET /wp-content/plugins/elementor/assets/js/frontend.min.js?ver=4.0.3 HTTP/1.1" 304 0 "https://webfaqe-ks.com/" "Mozilla/5.0 (Windows NT 10.0; Win64; x64) AppleWebKit/537.36 (KHTML, like Gecko) Chrome/148.0.0.0 Safari/537.36"
185.171.63.99 - - [02/Jun/2026:08:15:42 -0400] "GET /wp-content/plugins/the-plus-addons-for-elementor-page-builder/includes/user-experience/update-popup/tp-update-plugin-popup.js?ver=6.4.131780402535 HTTP/1.1" 200 754 "https://webfaqe-ks.com/" "Mozilla/5.0 (Windows NT 10.0; Win64; x64) AppleWebKit/537.36 (KHTML, like Gecko) Chrome/148.0.0.0 Safari/537.36"
185.171.63.99 - - [02/Jun/2026:08:15:43 -0400] "GET /wp-includes/js/jquery/ui/core.min.js?ver=1.13.3 HTTP/1.1" 304 0 "https://webfaqe-ks.com/" "Mozilla/5.0 (Windows NT 10.0; Win64; x64) AppleWebKit/537.36 (KHTML, like Gecko) Chrome/148.0.0.0 Safari/537.36"
185.171.63.99 - - [02/Jun/2026:08:15:43 -0400] "GET /wp-includes/js/jquery/jquery.min.js?ver=3.7.1 HTTP/1.1" 304 0 "https://webfaqe-ks.com/" "Mozilla/5.0 (Windows NT 10.0; Win64; x64) AppleWebKit/537.36 (KHTML, like Gecko) Chrome/148.0.0.0 Safari/537.36"
185.171.63.99 - - [02/Jun/2026:08:15:43 -0400] "GET /wp-content/plugins/elementor/assets/js/webpack.runtime.min.js?ver=4.0.3 HTTP/1.1" 304 0 "https://webfaqe-ks.com/" "Mozilla/5.0 (Windows NT 10.0; Win64; x64) AppleWebKit/537.36 (KHTML, like Gecko) Chrome/148.0.0.0 Safari/537.36"
185.171.63.99 - - [02/Jun/2026:08:15:43 -0400] "GET /wp-content/plugins/elementor/assets/js/frontend-modules.min.js?ver=4.0.3 HTTP/1.1" 304 0 "https://webfaqe-ks.com/" "Mozilla/5.0 (Windows NT 10.0; Win64; x64) AppleWebKit/537.36 (KHTML, like Gecko) Chrome/148.0.0.0 Safari/537.36"
185.171.63.99 - - [02/Jun/2026:08:15:43 -0400] "GET /wp-content/themes/astra/assets/js/minified/frontend.min.js?ver=4.12.1 HTTP/1.1" 304 0 "https://webfaqe-ks.com/" "Mozilla/5.0 (Windows NT 10.0; Win64; x64) AppleWebKit/537.36 (KHTML, like Gecko) Chrome/148.0.0.0 Safari/537.36"
185.171.63.99 - - [02/Jun/2026:08:15:43 -0400] "GET /wp-content/plugins/elementor/assets/lib/font-awesome/js/v4-shims.min.js?ver=4.0.3 HTTP/1.1" 304 0 "https://webfaqe-ks.com/" "Mozilla/5.0 (Windows NT 10.0; Win64; x64) AppleWebKit/537.36 (KHTML, like Gecko) Chrome/148.0.0.0 Safari/537.36"
185.171.63.99 - - [02/Jun/2026:08:15:43 -0400] "GET /wp-content/themes/astra/assets/js/minified/flexibility.min.js?ver=4.12.1 HTTP/1.1" 304 0 "https://webfaqe-ks.com/" "Mozilla/5.0 (Windows NT 10.0; Win64; x64) AppleWebKit/537.36 (KHTML, like Gecko) Chrome/148.0.0.0 Safari/537.36"
185.171.63.99 - - [02/Jun/2026:08:15:43 -0400] "GET /wp-content/plugins/the-plus-addons-for-elementor-page-builder/includes/user-experience/update-popup/tp-update-plugin-popup.js?ver=6.4.131780402539 HTTP/1.1" 200 754 "https://webfaqe-ks.com/" "Mozilla/5.0 (Windows NT 10.0; Win64; x64) AppleWebKit/537.36 (KHTML, like Gecko) Chrome/148.0.0.0 Safari/537.36"
185.171.63.99 - - [02/Jun/2026:08:15:43 -0400] "GET /wp-includes/js/jquery/jquery-migrate.min.js?ver=3.4.1 HTTP/1.1" 304 0 "https://webfaqe-ks.com/" "Mozilla/5.0 (Windows NT 10.0; Win64; x64) AppleWebKit/537.36 (KHTML, like Gecko) Chrome/148.0.0.0 Safari/537.36"
185.171.63.99 - - [02/Jun/2026:08:15:43 -0400] "GET /wp-content/plugins/elementor/assets/js/shared-frontend-handlers.03caa53373b56d3bab67.bundle.min.js HTTP/1.1" 304 0 "https://webfaqe-ks.com/" "Mozilla/5.0 (Windows NT 10.0; Win64; x64) AppleWebKit/537.36 (KHTML, like Gecko) Chrome/148.0.0.0 Safari/537.36"
185.171.63.99 - - [02/Jun/2026:08:15:43 -0400] "GET /wp-content/plugins/elementor/assets/js/section-frontend-handlers.d85ab872da118940910d.bundle.min.js HTTP/1.1" 304 0 "https://webfaqe-ks.com/" "Mozilla/5.0 (Windows NT 10.0; Win64; x64) AppleWebKit/537.36 (KHTML, like Gecko) Chrome/148.0.0.0 Safari/537.36"
185.171.63.99 - - [02/Jun/2026:08:15:43 -0400] "GET /wp-content/plugins/elementor/assets/js/text-editor.45609661e409413f1cef.bundle.min.js HTTP/1.1" 304 0 "https://webfaqe-ks.com/" "Mozilla/5.0 (Windows NT 10.0; Win64; x64) AppleWebKit/537.36 (KHTML, like Gecko) Chrome/148.0.0.0 Safari/537.36"
51.68.111.219 - - [02/Jun/2026:08:18:21 -0400] "GET /robots.txt HTTP/1.1" 304 0 "-" "Mozilla/5.0 (compatible; MJ12bot/v2.0.5; http://mj12bot.com/)"
198.54.114.25 - - [02/Jun/2026:08:18:24 -0400] "POST /wp-cron.php?doing_wp_cron=1780402704.5013558864593505859375 HTTP/1.1" 200 0 "-" "WordPress/7.0; https://webfaqe-ks.com"
51.68.111.219 - - [02/Jun/2026:08:18:21 -0400] "GET / HTTP/1.1" 200 27324 "-" "Mozilla/5.0 (compatible; MJ12bot/v2.0.5; http://mj12bot.com/)"
198.54.114.25 - - [02/Jun/2026:08:30:43 -0400] "POST /wp-cron.php?doing_wp_cron=1780403443.7270569801330566406250 HTTP/1.1" 200 0 "-" "WordPress/7.0; https://webfaqe-ks.com"
104.164.126.103 - - [02/Jun/2026:08:30:41 -0400] "GET / HTTP/1.1" 200 27324 "-" "Mozilla/5.0 (X11; Linux x86_64) AppleWebKit/537.36 (KHTML, like Gecko) Chrome/131.0.0.0 Safari/537.36"
104.164.126.103 - - [02/Jun/2026:08:30:45 -0400] "GET /en/ HTTP/1.1" 200 27774 "-" "Mozilla/5.0 (X11; Linux x86_64) AppleWebKit/537.36 (KHTML, like Gecko) Chrome/131.0.0.0 Safari/537.36"
104.164.126.103 - - [02/Jun/2026:08:30:46 -0400] "GET /de/ HTTP/1.1" 200 28123 "-" "Mozilla/5.0 (X11; Linux x86_64) AppleWebKit/537.36 (KHTML, like Gecko) Chrome/131.0.0.0 Safari/537.36"
104.164.126.103 - - [02/Jun/2026:08:30:47 -0400] "GET /rreth-nesh/ HTTP/1.1" 200 27567 "-" "Mozilla/5.0 (X11; Linux x86_64) AppleWebKit/537.36 (KHTML, like Gecko) Chrome/131.0.0.0 Safari/537.36"
104.164.126.103 - - [02/Jun/2026:08:30:48 -0400] "GET /sherbimet/ HTTP/1.1" 200 24643 "-" "Mozilla/5.0 (X11; Linux x86_64) AppleWebKit/537.36 (KHTML, like Gecko) Chrome/131.0.0.0 Safari/537.36"
2a03:2880:16ff:56:: - - [02/Jun/2026:08:35:24 -0400] "GET / HTTP/1.1" 200 27325 "-" "facebookexternalhit/1.1 (+http://www.facebook.com/externalhit_uatext.php)"
198.54.114.25 - - [02/Jun/2026:08:35:27 -0400] "POST /wp-cron.php?doing_wp_cron=1780403727.0013360977172851562500 HTTP/1.1" 200 0 "-" "WordPress/7.0; https://webfaqe-ks.com"
2a03:2880:16ff:e:: - - [02/Jun/2026:08:35:24 -0400] "GET / HTTP/1.1" 200 27325 "-" "facebookexternalhit/1.1 (+http://www.facebook.com/externalhit_uatext.php)"
2a03:2880:16ff:54:: - - [02/Jun/2026:08:35:27 -0400] "GET /wp-content/plugins/elementor/assets/js/webpack.runtime.min.js?ver=4.0.3 HTTP/1.1" 304 0 "-" "facebookexternalhit/1.1 (+http://www.facebook.com/externalhit_uatext.php)"
2a03:2880:16ff:40:: - - [02/Jun/2026:08:35:27 -0400] "GET /wp-content/themes/astra/assets/js/minified/frontend.min.js?ver=4.12.1 HTTP/1.1" 304 0 "-" "facebookexternalhit/1.1 (+http://www.facebook.com/externalhit_uatext.php)"
2a03:2880:16ff:c:: - - [02/Jun/2026:08:35:27 -0400] "GET /wp-includes/js/dist/hooks.min.js?ver=7496969728ca0f95732d HTTP/1.1" 304 0 "-" "facebookexternalhit/1.1 (+http://www.facebook.com/externalhit_uatext.php)"
2a03:2880:16ff:a:: - - [02/Jun/2026:08:35:27 -0400] "GET /wp-includes/js/jquery/jquery.min.js?ver=3.7.1 HTTP/1.1" 304 0 "-" "facebookexternalhit/1.1 (+http://www.facebook.com/externalhit_uatext.php)"
2a03:2880:16ff:58:: - - [02/Jun/2026:08:35:27 -0400] "GET /wp-content/plugins/the-plus-addons-for-elementor-page-builder/modules/extensions/wrapper-link/plus-wrapper-link.min.js?ver=6.4.13 HTTP/1.1" 304 0 "-" "facebookexternalhit/1.1 (+http://www.facebook.com/externalhit_uatext.php)"
2a03:2880:16ff:a:: - - [02/Jun/2026:08:35:27 -0400] "GET /wp-content/plugins/pro-elements/assets/js/frontend.min.js?ver=3.35.0 HTTP/1.1" 304 0 "-" "facebookexternalhit/1.1 (+http://www.facebook.com/externalhit_uatext.php)"
2a03:2880:16ff:b:: - - [02/Jun/2026:08:35:27 -0400] "GET /wp-content/plugins/the-plus-addons-for-elementor-page-builder/includes/user-experience/update-popup/tp-update-plugin-popup.js?ver=6.4.131780403726 HTTP/1.1" 200 754 "-" "facebookexternalhit/1.1 (+http://www.facebook.com/externalhit_uatext.php)"
2a03:2880:16ff:47:: - - [02/Jun/2026:08:35:27 -0400] "GET /wp-includes/js/dist/i18n.min.js?ver=781d11515ad3d91786ec HTTP/1.1" 304 0 "-" "facebookexternalhit/1.1 (+http://www.facebook.com/externalhit_uatext.php)"
2a03:2880:16ff:: - - [02/Jun/2026:08:35:27 -0400] "GET /wp-content/plugins/elementor/assets/js/frontend-modules.min.js?ver=4.0.3 HTTP/1.1" 304 0 "-" "facebookexternalhit/1.1 (+http://www.facebook.com/externalhit_uatext.php)"
2a03:2880:16ff:54:: - - [02/Jun/2026:08:35:27 -0400] "GET /wp-content/themes/astra/assets/js/minified/flexibility.min.js?ver=4.12.1 HTTP/1.1" 304 0 "-" "facebookexternalhit/1.1 (+http://www.facebook.com/externalhit_uatext.php)"
2a03:2880:16ff:41:: - - [02/Jun/2026:08:35:27 -0400] "GET /wp-includes/js/jquery/ui/core.min.js?ver=1.13.3 HTTP/1.1" 304 0 "-" "facebookexternalhit/1.1 (+http://www.facebook.com/externalhit_uatext.php)"
2a03:2880:16ff:b:: - - [02/Jun/2026:08:35:27 -0400] "GET /wp-content/plugins/elementor/assets/lib/font-awesome/js/v4-shims.min.js?ver=4.0.3 HTTP/1.1" 304 0 "-" "facebookexternalhit/1.1 (+http://www.facebook.com/externalhit_uatext.php)"
2a03:2880:16ff:71:: - - [02/Jun/2026:08:35:27 -0400] "GET /wp-content/plugins/elementor/assets/js/frontend.min.js?ver=4.0.3 HTTP/1.1" 304 0 "-" "facebookexternalhit/1.1 (+http://www.facebook.com/externalhit_uatext.php)"
2a03:2880:16ff:9:: - - [02/Jun/2026:08:35:27 -0400] "GET /wp-content/plugins/pro-elements/assets/js/webpack-pro.runtime.min.js?ver=3.35.0 HTTP/1.1" 304 0 "-" "facebookexternalhit/1.1 (+http://www.facebook.com/externalhit_uatext.php)"
2a03:2880:16ff:50:: - - [02/Jun/2026:08:35:27 -0400] "GET /wp-includes/js/jquery/jquery-migrate.min.js?ver=3.4.1 HTTP/1.1" 304 0 "-" "facebookexternalhit/1.1 (+http://www.facebook.com/externalhit_uatext.php)"
2a03:2880:16ff:4:: - - [02/Jun/2026:08:35:27 -0400] "GET /wp-content/plugins/pro-elements/assets/js/elements-handlers.min.js?ver=3.35.0 HTTP/1.1" 304 0 "-" "facebookexternalhit/1.1 (+http://www.facebook.com/externalhit_uatext.php)"
198.54.114.25 - - [02/Jun/2026:08:43:57 -0400] "POST /wp-cron.php?doing_wp_cron=1780404237.7584300041198730468750 HTTP/1.1" 200 0 "-" "WordPress/7.0; https://webfaqe-ks.com"
66.249.77.232 - - [02/Jun/2026:08:43:55 -0400] "GET /wp-content/plugins/sccrbel/ HTTP/1.1" 404 20336 "-" "Mozilla/5.0 (Linux; Android 6.0.1; Nexus 5X Build/MMB29P) AppleWebKit/537.36 (KHTML, like Gecko) Chrome/148.0.7778.96 Mobile Safari/537.36 (compatible; Googlebot/2.1; +http://www.google.com/bot.html)"
198.54.114.25 - - [02/Jun/2026:08:46:39 -0400] "POST /wp-cron.php?doing_wp_cron=1780404398.9156429767608642578125 HTTP/1.1" 200 0 "-" "WordPress/7.0; https://webfaqe-ks.com"
66.249.77.231 - - [02/Jun/2026:08:46:36 -0400] "GET /phpmyAdmin/index.php HTTP/1.1" 301 0 "-" "Mozilla/5.0 (Linux; Android 6.0.1; Nexus 5X Build/MMB29P) AppleWebKit/537.36 (KHTML, like Gecko) Chrome/148.0.7778.96 Mobile Safari/537.36 (compatible; Googlebot/2.1; +http://www.google.com/bot.html)"
66.249.77.230 - - [02/Jun/2026:08:46:40 -0400] "GET /phpmyAdmin/ HTTP/1.1" 404 20316 "-" "Mozilla/5.0 (Linux; Android 6.0.1; Nexus 5X Build/MMB29P) AppleWebKit/537.36 (KHTML, like Gecko) Chrome/148.0.7778.96 Mobile Safari/537.36 (compatible; Googlebot/2.1; +http://www.google.com/bot.html)"
43.159.128.237 - - [02/Jun/2026:08:46:43 -0400] "GET / HTTP/1.1" 200 27365 "http://webfaqe-ks.com" "Mozilla/5.0 (iPhone; CPU iPhone OS 13_2_3 like Mac OS X) AppleWebKit/605.1.15 (KHTML, like Gecko) Version/13.0.3 Mobile/15E148 Safari/604.1"
198.54.114.25 - - [02/Jun/2026:08:47:09 -0400] "POST /wp-cron.php?doing_wp_cron=1780404429.0367999076843261718750 HTTP/1.1" 200 0 "-" "WordPress/7.0; https://webfaqe-ks.com"
66.249.77.231 - - [02/Jun/2026:08:47:08 -0400] "GET /wp-content/themes/rimini-new/inc/shop/about.php HTTP/1.1" 404 20369 "-" "Mozilla/5.0 (Linux; Android 6.0.1; Nexus 5X Build/MMB29P) AppleWebKit/537.36 (KHTML, like Gecko) Chrome/148.0.7778.96 Mobile Safari/537.36 (compatible; GoogleOther)"
198.54.114.25 - - [02/Jun/2026:08:57:51 -0400] "POST /wp-cron.php?doing_wp_cron=1780405071.6842710971832275390625 HTTP/1.1" 200 0 "-" "WordPress/7.0; https://webfaqe-ks.com"
77.59.199.98 - - [02/Jun/2026:08:57:49 -0400] "GET / HTTP/1.1" 200 27324 "https://www.google.com/" "Mozilla/5.0 (Windows NT 10.0; Win64; x64) AppleWebKit/537.36 (KHTML, like Gecko) Chrome/148.0.0.0 Safari/537.36 Edg/148.0.0.0"
77.59.199.98 - - [02/Jun/2026:08:57:52 -0400] "GET /wp-content/plugins/elementor-pro/assets/css/widget-mega-menu.min.css?ver=3.26.2 HTTP/1.1" 404 20384 "https://webfaqe-ks.com/" "Mozilla/5.0 (Windows NT 10.0; Win64; x64) AppleWebKit/537.36 (KHTML, like Gecko) Chrome/148.0.0.0 Safari/537.36 Edg/148.0.0.0"
77.59.199.98 - - [02/Jun/2026:08:57:52 -0400] "GET /wp-content/plugins/elementor-pro/assets/css/widget-blockquote.min.css?ver=3.25.0 HTTP/1.1" 404 20335 "https://webfaqe-ks.com/" "Mozilla/5.0 (Windows NT 10.0; Win64; x64) AppleWebKit/537.36 (KHTML, like Gecko) Chrome/148.0.0.0 Safari/537.36 Edg/148.0.0.0"
198.54.114.25 - - [02/Jun/2026:08:57:52 -0400] "POST /wp-cron.php?doing_wp_cron=1780405072.6625430583953857421875 HTTP/1.1" 200 0 "-" "WordPress/7.0; https://webfaqe-ks.com"
77.59.199.98 - - [02/Jun/2026:08:57:52 -0400] "GET /wp-content/plugins/elementor-pro/assets/css/widget-nav-menu.min.css?ver=3.26.0 HTTP/1.1" 404 20333 "https://webfaqe-ks.com/" "Mozilla/5.0 (Windows NT 10.0; Win64; x64) AppleWebKit/537.36 (KHTML, like Gecko) Chrome/148.0.0.0 Safari/537.36 Edg/148.0.0.0"
77.59.199.98 - - [02/Jun/2026:08:57:53 -0400] "GET /wp-content/plugins/the-plus-addons-for-elementor-page-builder/includes/user-experience/update-popup/tp-update-plugin-popup.js?ver=6.4.131780405071 HTTP/1.1" 200 754 "https://webfaqe-ks.com/" "Mozilla/5.0 (Windows NT 10.0; Win64; x64) AppleWebKit/537.36 (KHTML, like Gecko) Chrome/148.0.0.0 Safari/537.36 Edg/148.0.0.0"
198.54.114.25 - - [02/Jun/2026:08:59:02 -0400] "POST /wp-cron.php?doing_wp_cron=1780405141.8843350410461425781250 HTTP/1.1" 200 0 "-" "WordPress/7.0; https://webfaqe-ks.com"
66.249.77.227 - - [02/Jun/2026:08:59:01 -0400] "GET /wp-content/themes/ftde.php HTTP/1.1" 404 20362 "-" "Mozilla/5.0 (Linux; Android 6.0.1; Nexus 5X Build/MMB29P) AppleWebKit/537.36 (KHTML, like Gecko) Chrome/148.0.7778.96 Mobile Safari/537.36 (compatible; GoogleOther)"
207.46.13.141 - - [02/Jun/2026:09:01:29 -0400] "GET /wp-content/plugins/translatepress-multilingual/assets/images/flags/de_DE_formal.png HTTP/1.1" 200 250 "-" "Mozilla/5.0 AppleWebKit/537.36 (KHTML, like Gecko; compatible; bingbot/2.0; +http://www.bing.com/bingbot.htm) Chrome/116.0.1938.76 Safari/537.36"
198.54.114.25 - - [02/Jun/2026:09:09:21 -0400] "POST /wp-cron.php?doing_wp_cron=1780405761.3040199279785156250000 HTTP/1.1" 200 0 "-" "WordPress/7.0; https://webfaqe-ks.com"
35.87.222.26 - - [02/Jun/2026:09:09:18 -0400] "GET / HTTP/1.1" 200 27324 "-" "Mozilla/5.0 (Macintosh; Intel Mac OS X 10_15_7) AppleWebKit/537.36 (KHTML, like Gecko) Chrome/131.0.0.0 Safari/537.36"
198.54.114.25 - - [02/Jun/2026:09:10:39 -0400] "POST /wp-cron.php?doing_wp_cron=1780405839.2988440990447998046875 HTTP/1.1" 200 0 "-" "WordPress/7.0; https://webfaqe-ks.com"
66.249.77.231 - - [02/Jun/2026:09:10:39 -0400] "GET /db/websql/index.php HTTP/1.1" 301 0 "-" "Mozilla/5.0 (Linux; Android 6.0.1; Nexus 5X Build/MMB29P) AppleWebKit/537.36 (KHTML, like Gecko) Chrome/148.0.7778.96 Mobile Safari/537.36 (compatible; Googlebot/2.1; +http://www.google.com/bot.html)"
66.249.77.230 - - [02/Jun/2026:09:10:39 -0400] "GET /db/websql/ HTTP/1.1" 404 20336 "-" "Mozilla/5.0 (Linux; Android 6.0.1; Nexus 5X Build/MMB29P) AppleWebKit/537.36 (KHTML, like Gecko) Chrome/148.0.7778.96 Mobile Safari/537.36 (compatible; Googlebot/2.1; +http://www.google.com/bot.html)"
198.54.114.25 - - [02/Jun/2026:09:15:15 -0400] "POST /wp-cron.php?doing_wp_cron=1780406115.3810400962829589843750 HTTP/1.1" 200 0 "-" "WordPress/7.0; https://webfaqe-ks.com"
66.249.77.231 - - [02/Jun/2026:09:15:12 -0400] "GET /writeable.php HTTP/1.1" 404 20352 "-" "Mozilla/5.0 (Linux; Android 6.0.1; Nexus 5X Build/MMB29P) AppleWebKit/537.36 (KHTML, like Gecko) Chrome/148.0.7778.96 Mobile Safari/537.36 (compatible; Googlebot/2.1; +http://www.google.com/bot.html)"
207.46.13.6 - - [02/Jun/2026:09:15:39 -0400] "GET /wp-content/uploads/2021/12/LogoMakr-4hnUu1-1-150x150.png HTTP/1.1" 200 3072 "-" "Mozilla/5.0 AppleWebKit/537.36 (KHTML, like Gecko; compatible; bingbot/2.0; +http://www.bing.com/bingbot.htm) Chrome/116.0.1938.76 Safari/537.36"
198.54.114.25 - - [02/Jun/2026:09:17:29 -0400] "POST /wp-cron.php?doing_wp_cron=1780406249.5630300045013427734375 HTTP/1.1" 200 0 "-" "WordPress/7.0; https://webfaqe-ks.com"
156.245.205.29 - - [02/Jun/2026:09:17:27 -0400] "GET /s.php HTTP/1.1" 301 0 "-" "Mozilla/5.0 (Windows NT 10.0; WOW64; rv:48.0) Gecko/20100101 Firefox/48.0"
156.245.205.29 - - [02/Jun/2026:09:17:31 -0400] "GET /s.php HTTP/1.1" 404 20329 "-" "Mozilla/5.0 (Windows NT 10.0; WOW64; rv:48.0) Gecko/20100101 Firefox/48.0"
198.54.114.25 - - [02/Jun/2026:09:20:06 -0400] "POST /wp-cron.php?doing_wp_cron=1780406406.5476779937744140625000 HTTP/1.1" 200 0 "-" "WordPress/7.0; https://webfaqe-ks.com"
66.249.77.226 - - [02/Jun/2026:09:20:04 -0400] "GET /sherbimet HTTP/1.1" 301 0 "-" "Mozilla/5.0 (Linux; Android 6.0.1; Nexus 5X Build/MMB29P) AppleWebKit/537.36 (KHTML, like Gecko) Chrome/148.0.7778.96 Mobile Safari/537.36 (compatible; GoogleOther)"
66.249.77.227 - - [02/Jun/2026:09:20:07 -0400] "GET /sherbimet/ HTTP/1.1" 200 24648 "-" "Mozilla/5.0 (Linux; Android 6.0.1; Nexus 5X Build/MMB29P) AppleWebKit/537.36 (KHTML, like Gecko) Chrome/148.0.7778.96 Mobile Safari/537.36 (compatible; GoogleOther)"
66.249.77.226 - - [02/Jun/2026:09:20:14 -0400] "GET /wp-content/plugins/elementor/assets/lib/animations/styles/fadeInLeft.min.css?ver=4.0.3 HTTP/1.1" 200 137 "https://webfaqe-ks.com/sherbimet/" "Mozilla/5.0 (Linux; Android 6.0.1; Nexus 5X Build/MMB29P) AppleWebKit/537.36 (KHTML, like Gecko) Chrome/148.0.7778.96 Mobile Safari/537.36 (compatible; GoogleOther)"
66.249.77.226 - - [02/Jun/2026:09:20:18 -0400] "GET /wp-content/plugins/elementor/assets/lib/animations/styles/fadeInDown.min.css?ver=4.0.3 HTTP/1.1" 304 0 "https://webfaqe-ks.com/sherbimet/" "Mozilla/5.0 (Linux; Android 6.0.1; Nexus 5X Build/MMB29P) AppleWebKit/537.36 (KHTML, like Gecko) Chrome/148.0.7778.96 Mobile Safari/537.36 (compatible; GoogleOther)"
66.249.77.226 - - [02/Jun/2026:09:20:21 -0400] "GET /wp-content/themes/astra/assets/js/minified/flexibility.min.js?ver=4.12.1 HTTP/1.1" 304 0 "https://webfaqe-ks.com/sherbimet/" "Mozilla/5.0 (Linux; Android 6.0.1; Nexus 5X Build/MMB29P) AppleWebKit/537.36 (KHTML, like Gecko) Chrome/148.0.7778.96 Mobile Safari/537.36 (compatible; GoogleOther)"
66.249.77.226 - - [02/Jun/2026:09:20:25 -0400] "GET /wp-content/plugins/elementor-pro/assets/css/widget-nav-menu.min.css?ver=3.26.0 HTTP/1.1" 404 20346 "https://webfaqe-ks.com/sherbimet/" "Mozilla/5.0 (Linux; Android 6.0.1; Nexus 5X Build/MMB29P) AppleWebKit/537.36 (KHTML, like Gecko) Chrome/148.0.7778.96 Mobile Safari/537.36 (compatible; GoogleOther)"
66.249.77.226 - - [02/Jun/2026:09:20:28 -0400] "GET /wp-content/plugins/the-plus-addons-for-elementor-page-builder/includes/user-experience/update-popup/tp-update-plugin-popup.js?ver=6.4.131780406407 HTTP/1.1" 200 754 "https://webfaqe-ks.com/sherbimet/" "Mozilla/5.0 (Linux; Android 6.0.1; Nexus 5X Build/MMB29P) AppleWebKit/537.36 (KHTML, like Gecko) Chrome/148.0.7778.96 Mobile Safari/537.36 (compatible; GoogleOther)"
2a03:2880:10ff:43:: - - [02/Jun/2026:09:29:22 -0400] "GET /robots.txt HTTP/1.1" 304 0 "-" "facebookexternalhit/1.1 (+http://www.facebook.com/externalhit_uatext.php)"
198.54.114.25 - - [02/Jun/2026:09:29:41 -0400] "POST /wp-cron.php?doing_wp_cron=1780406981.3748519420623779296875 HTTP/1.1" 200 0 "-" "WordPress/7.0; https://webfaqe-ks.com"
2001:470:1:b95::6876 - - [02/Jun/2026:09:29:38 -0400] "GET / HTTP/1.1" 200 27323 "-" "Mozilla/5.0 (compatible; ev-crawler/1.0; +https://headline.com/legal/crawler)"
198.54.114.25 - - [02/Jun/2026:09:35:42 -0400] "POST /wp-cron.php?doing_wp_cron=1780407342.6733291149139404296875 HTTP/1.1" 200 0 "-" "WordPress/7.0; https://webfaqe-ks.com"
66.249.77.228 - - [02/Jun/2026:09:35:39 -0400] "GET /revealability.php HTTP/1.1" 404 20352 "-" "Mozilla/5.0 (Linux; Android 6.0.1; Nexus 5X Build/MMB29P) AppleWebKit/537.36 (KHTML, like Gecko) Chrome/148.0.7778.96 Mobile Safari/537.36 (compatible; Googlebot/2.1; +http://www.google.com/bot.html)"
66.249.77.228 - - [02/Jun/2026:09:40:21 -0400] "GET /robots.txt HTTP/1.1" 304 0 "-" "Mozilla/5.0 (compatible; Googlebot/2.1; +http://www.google.com/bot.html)"
66.249.77.227 - - [02/Jun/2026:09:40:32 -0400] "GET /wp-content/uploads/elementor/css/post-11.css?ver=1778112000 HTTP/1.1" 200 3443 "https://webfaqe-ks.com/" "Mozilla/5.0 (Linux; Android 6.0.1; Nexus 5X Build/MMB29P) AppleWebKit/537.36 (KHTML, like Gecko) Chrome/148.0.7778.96 Mobile Safari/537.36 (compatible; Googlebot/2.1; +http://www.google.com/bot.html)"
66.249.77.226 - - [02/Jun/2026:09:40:33 -0400] "GET /wp-content/plugins/elementor-pro/assets/css/widget-blockquote.min.css?ver=3.25.0 HTTP/1.1" 404 20381 "https://webfaqe-ks.com/" "Mozilla/5.0 (Linux; Android 6.0.1; Nexus 5X Build/MMB29P) AppleWebKit/537.36 (KHTML, like Gecko) Chrome/148.0.7778.96 Mobile Safari/537.36 (compatible; Googlebot/2.1; +http://www.google.com/bot.html)"
66.249.77.226 - - [02/Jun/2026:09:40:40 -0400] "GET /wp-content/plugins/elementor-pro/assets/css/widget-nav-menu.min.css?ver=3.26.0 HTTP/1.1" 404 20346 "https://webfaqe-ks.com/" "Mozilla/5.0 (Linux; Android 6.0.1; Nexus 5X Build/MMB29P) AppleWebKit/537.36 (KHTML, like Gecko) Chrome/148.0.7778.96 Mobile Safari/537.36 (compatible; Googlebot/2.1; +http://www.google.com/bot.html)"
66.249.77.232 - - [02/Jun/2026:09:57:38 -0400] "GET /wp-content/plugins/pro-elements/assets/js/frontend.min.js?ver=3.35.0 HTTP/1.1" 304 0 "https://webfaqe-ks.com/" "Mozilla/5.0 (Linux; Android 6.0.1; Nexus 5X Build/MMB29P) AppleWebKit/537.36 (KHTML, like Gecko) Chrome/148.0.7778.96 Mobile Safari/537.36 (compatible; Googlebot/2.1; +http://www.google.com/bot.html)"
198.54.114.25 - - [02/Jun/2026:09:57:41 -0400] "POST /wp-cron.php?doing_wp_cron=1780408661.2051579952239990234375 HTTP/1.1" 200 0 "-" "WordPress/7.0; https://webfaqe-ks.com"
66.249.77.230 - - [02/Jun/2026:09:57:38 -0400] "GET /wp-content/plugins/elementor-pro/assets/css/widget-mega-menu.min.css?ver=3.26.2 HTTP/1.1" 404 20346 "https://webfaqe-ks.com/" "Mozilla/5.0 (Linux; Android 6.0.1; Nexus 5X Build/MMB29P) AppleWebKit/537.36 (KHTML, like Gecko) Chrome/148.0.7778.96 Mobile Safari/537.36 (compatible; Googlebot/2.1; +http://www.google.com/bot.html)"
66.249.77.232 - - [02/Jun/2026:09:57:48 -0400] "GET / HTTP/1.1" 200 27325 "-" "Googlebot-Image/1.0"
66.249.77.230 - - [02/Jun/2026:09:57:49 -0400] "GET /favicon.ico HTTP/1.1" 404 866 "-" "Googlebot-Image/1.0"
198.54.114.25 - - [02/Jun/2026:10:09:30 -0400] "POST /wp-cron.php?doing_wp_cron=1780409370.3664650917053222656250 HTTP/1.1" 200 0 "-" "WordPress/7.0; https://webfaqe-ks.com"
2.58.56.244 - - [02/Jun/2026:10:09:28 -0400] "GET /wp-login.php HTTP/1.1" 200 3134 "-" "Mozilla/5.0 (Linux; Android 14; SM-S918B) AppleWebKit/537.36 (KHTML, like Gecko) Chrome/120.0.0.0 Mobile Safari/537.36"
2.58.56.244 - - [02/Jun/2026:10:09:30 -0400] "GET /?rest_route=/wp/v2/users HTTP/1.1" 200 1032 "-" "Mozilla/5.0 (Macintosh; Intel Mac OS X 14_1) AppleWebKit/605.1.15 (KHTML, like Gecko) Version/17.0 Safari/605.1.15"
198.54.114.25 - - [02/Jun/2026:10:13:35 -0400] "POST /wp-cron.php?doing_wp_cron=1780409615.6212759017944335937500 HTTP/1.1" 200 0 "-" "WordPress/7.0; https://webfaqe-ks.com"
212.41.216.46 - - [02/Jun/2026:10:13:33 -0400] "GET / HTTP/1.1" 200 27325 "-" "Mozilla/5.0 (Windows NT 10.0; Win64; x64) AppleWebKit/537.36 (KHTML, like Gecko) Chrome/148.0.0.0 Safari/537.36 Edg/148.0.0.0"
212.41.216.46 - - [02/Jun/2026:10:13:36 -0400] "GET /wp-content/plugins/elementor-pro/assets/css/widget-blockquote.min.css?ver=3.25.0 HTTP/1.1" 404 20334 "https://webfaqe-ks.com/" "Mozilla/5.0 (Windows NT 10.0; Win64; x64) AppleWebKit/537.36 (KHTML, like Gecko) Chrome/148.0.0.0 Safari/537.36 Edg/148.0.0.0"
212.41.216.46 - - [02/Jun/2026:10:13:36 -0400] "GET /wp-content/plugins/elementor-pro/assets/css/widget-mega-menu.min.css?ver=3.26.2 HTTP/1.1" 404 20384 "https://webfaqe-ks.com/" "Mozilla/5.0 (Windows NT 10.0; Win64; x64) AppleWebKit/537.36 (KHTML, like Gecko) Chrome/148.0.0.0 Safari/537.36 Edg/148.0.0.0"
212.41.216.46 - - [02/Jun/2026:10:13:36 -0400] "GET /wp-content/plugins/elementor-pro/assets/css/widget-nav-menu.min.css?ver=3.26.0 HTTP/1.1" 404 20333 "https://webfaqe-ks.com/" "Mozilla/5.0 (Windows NT 10.0; Win64; x64) AppleWebKit/537.36 (KHTML, like Gecko) Chrome/148.0.0.0 Safari/537.36 Edg/148.0.0.0"
212.41.216.46 - - [02/Jun/2026:10:13:37 -0400] "GET /wp-content/plugins/the-plus-addons-for-elementor-page-builder/includes/user-experience/update-popup/tp-update-plugin-popup.js?ver=6.4.131780409615 HTTP/1.1" 200 754 "https://webfaqe-ks.com/" "Mozilla/5.0 (Windows NT 10.0; Win64; x64) AppleWebKit/537.36 (KHTML, like Gecko) Chrome/148.0.0.0 Safari/537.36 Edg/148.0.0.0"
198.54.114.25 - - [02/Jun/2026:10:15:30 -0400] "POST /wp-cron.php?doing_wp_cron=1780409729.9123859405517578125000 HTTP/1.1" 200 0 "-" "WordPress/7.0; https://webfaqe-ks.com"
212.41.216.46 - - [02/Jun/2026:10:15:27 -0400] "GET /rreth-nesh/ HTTP/1.1" 200 27570 "https://webfaqe-ks.com/" "Mozilla/5.0 (Windows NT 10.0; Win64; x64) AppleWebKit/537.36 (KHTML, like Gecko) Chrome/148.0.0.0 Safari/537.36 Edg/148.0.0.0"
212.41.216.46 - - [02/Jun/2026:10:15:30 -0400] "GET /wp-content/plugins/elementor/assets/css/widget-spacer.min.css?ver=4.0.3 HTTP/1.1" 304 0 "https://webfaqe-ks.com/rreth-nesh/" "Mozilla/5.0 (Windows NT 10.0; Win64; x64) AppleWebKit/537.36 (KHTML, like Gecko) Chrome/148.0.0.0 Safari/537.36 Edg/148.0.0.0"
212.41.216.46 - - [02/Jun/2026:10:15:30 -0400] "GET /wp-content/plugins/elementor/assets/css/widget-accordion.min.css?ver=4.0.3 HTTP/1.1" 200 353 "https://webfaqe-ks.com/rreth-nesh/" "Mozilla/5.0 (Windows NT 10.0; Win64; x64) AppleWebKit/537.36 (KHTML, like Gecko) Chrome/148.0.0.0 Safari/537.36 Edg/148.0.0.0"
212.41.216.46 - - [02/Jun/2026:10:15:30 -0400] "GET /wp-content/plugins/elementor/assets/css/widget-counter.min.css?ver=4.0.3 HTTP/1.1" 200 208 "https://webfaqe-ks.com/rreth-nesh/" "Mozilla/5.0 (Windows NT 10.0; Win64; x64) AppleWebKit/537.36 (KHTML, like Gecko) Chrome/148.0.0.0 Safari/537.36 Edg/148.0.0.0"
212.41.216.46 - - [02/Jun/2026:10:15:31 -0400] "GET /wp-content/plugins/elementor-pro/assets/css/widget-nav-menu.min.css?ver=3.26.0 HTTP/1.1" 404 20331 "https://webfaqe-ks.com/rreth-nesh/" "Mozilla/5.0 (Windows NT 10.0; Win64; x64) AppleWebKit/537.36 (KHTML, like Gecko) Chrome/148.0.0.0 Safari/537.36 Edg/148.0.0.0"
212.41.216.46 - - [02/Jun/2026:10:15:31 -0400] "GET /wp-content/plugins/elementor-pro/assets/css/widget-mega-menu.min.css?ver=3.26.2 HTTP/1.1" 404 20384 "https://webfaqe-ks.com/rreth-nesh/" "Mozilla/5.0 (Windows NT 10.0; Win64; x64) AppleWebKit/537.36 (KHTML, like Gecko) Chrome/148.0.0.0 Safari/537.36 Edg/148.0.0.0"
212.41.216.46 - - [02/Jun/2026:10:15:31 -0400] "GET /wp-content/plugins/elementor-pro/assets/css/widget-blockquote.min.css?ver=3.25.0 HTTP/1.1" 404 20333 "https://webfaqe-ks.com/rreth-nesh/" "Mozilla/5.0 (Windows NT 10.0; Win64; x64) AppleWebKit/537.36 (KHTML, like Gecko) Chrome/148.0.0.0 Safari/537.36 Edg/148.0.0.0"
212.41.216.46 - - [02/Jun/2026:10:15:32 -0400] "GET /wp-content/plugins/elementor/assets/lib/jquery-numerator/jquery-numerator.min.js?ver=0.2.1 HTTP/1.1" 200 677 "https://webfaqe-ks.com/rreth-nesh/" "Mozilla/5.0 (Windows NT 10.0; Win64; x64) AppleWebKit/537.36 (KHTML, like Gecko) Chrome/148.0.0.0 Safari/537.36 Edg/148.0.0.0"
212.41.216.46 - - [02/Jun/2026:10:15:32 -0400] "GET /wp-content/plugins/the-plus-addons-for-elementor-page-builder/includes/user-experience/update-popup/tp-update-plugin-popup.js?ver=6.4.131780409729 HTTP/1.1" 200 754 "https://webfaqe-ks.com/rreth-nesh/" "Mozilla/5.0 (Windows NT 10.0; Win64; x64) AppleWebKit/537.36 (KHTML, like Gecko) Chrome/148.0.0.0 Safari/537.36 Edg/148.0.0.0"
212.41.216.46 - - [02/Jun/2026:10:15:32 -0400] "GET /wp-content/plugins/elementor/assets/js/accordion.8b0db5058afeb74622f5.bundle.min.js HTTP/1.1" 304 0 "https://webfaqe-ks.com/rreth-nesh/" "Mozilla/5.0 (Windows NT 10.0; Win64; x64) AppleWebKit/537.36 (KHTML, like Gecko) Chrome/148.0.0.0 Safari/537.36 Edg/148.0.0.0"
212.41.216.46 - - [02/Jun/2026:10:15:32 -0400] "GET /wp-content/plugins/elementor/assets/js/counter.12335f45aaa79d244f24.bundle.min.js HTTP/1.1" 304 0 "https://webfaqe-ks.com/rreth-nesh/" "Mozilla/5.0 (Windows NT 10.0; Win64; x64) AppleWebKit/537.36 (KHTML, like Gecko) Chrome/148.0.0.0 Safari/537.36 Edg/148.0.0.0"
198.54.114.25 - - [02/Jun/2026:10:18:07 -0400] "POST /wp-cron.php?doing_wp_cron=1780409886.9965879917144775390625 HTTP/1.1" 200 0 "-" "WordPress/7.0; https://webfaqe-ks.com"
66.249.77.228 - - [02/Jun/2026:10:18:04 -0400] "GET /wp-content/themes/twentytwentyfour/parts/ HTTP/1.1" 404 20367 "-" "Mozilla/5.0 (Linux; Android 6.0.1; Nexus 5X Build/MMB29P) AppleWebKit/537.36 (KHTML, like Gecko) Chrome/148.0.7778.96 Mobile Safari/537.36 (compatible; GoogleOther)"
212.41.216.46 - - [02/Jun/2026:10:20:42 -0400] "GET /wp-content/uploads/elementor/thumbs/LogoMakr-9esOqY-qiathjfnefdus6sac7z3v3xkqkf2rvgs8lretnmv78.png HTTP/1.1" 200 1704 "https://webfaqe-ks.com/rreth-nesh/" "Mozilla/5.0 (Windows NT 10.0; Win64; x64) AppleWebKit/537.36 (KHTML, like Gecko) Chrome/148.0.0.0 Safari/537.36 Edg/148.0.0.0"
212.41.216.46 - - [02/Jun/2026:10:20:42 -0400] "GET /wp-content/uploads/elementor/thumbs/LogoMakr-0WlNkL-1-1-qiathm95u3thhrm0b07p7ndfnm69d6cosfo572tk8u.png HTTP/1.1" 304 0 "https://webfaqe-ks.com/rreth-nesh/" "Mozilla/5.0 (Windows NT 10.0; Win64; x64) AppleWebKit/537.36 (KHTML, like Gecko) Chrome/148.0.0.0 Safari/537.36 Edg/148.0.0.0"
212.41.216.46 - - [02/Jun/2026:10:20:42 -0400] "GET /wp-content/uploads/elementor/thumbs/LogoMakr-57Umz5-qiathlbbs3g5741ev7g4qjjhqexpkbonm4bgrqalpm.png HTTP/1.1" 304 0 "https://webfaqe-ks.com/rreth-nesh/" "Mozilla/5.0 (Windows NT 10.0; Win64; x64) AppleWebKit/537.36 (KHTML, like Gecko) Chrome/148.0.0.0 Safari/537.36 Edg/148.0.0.0"
198.54.114.25 - - [02/Jun/2026:10:20:50 -0400] "POST /wp-cron.php?doing_wp_cron=1780410050.7392170429229736328125 HTTP/1.1" 200 0 "-" "WordPress/7.0; https://webfaqe-ks.com"
66.249.77.226 - - [02/Jun/2026:10:20:48 -0400] "GET /wp-content/uploads/revslider/templates/landing-page-hero/ HTTP/1.1" 404 20346 "-" "Mozilla/5.0 (Linux; Android 6.0.1; Nexus 5X Build/MMB29P) AppleWebKit/537.36 (KHTML, like Gecko) Chrome/148.0.7778.96 Mobile Safari/537.36 (compatible; GoogleOther)"
198.54.114.25 - - [02/Jun/2026:10:22:48 -0400] "POST /wp-cron.php?doing_wp_cron=1780410168.3754749298095703125000 HTTP/1.1" 200 0 "-" "WordPress/7.0; https://webfaqe-ks.com"
149.18.178.32 - - [02/Jun/2026:10:22:46 -0400] "GET / HTTP/1.1" 200 27324 "-" "Mozilla/5.0 (Debian; Linux i686; rv:135.0) Gecko/20100101 Firefox/135.0"
198.54.114.25 - - [02/Jun/2026:10:23:30 -0400] "POST /wp-cron.php?doing_wp_cron=1780410210.4821500778198242187500 HTTP/1.1" 200 0 "-" "WordPress/7.0; https://webfaqe-ks.com"
104.168.28.15 - - [02/Jun/2026:10:23:30 -0400] "GET / HTTP/1.1" 200 27325 "-" "Mozilla/5.0 (Macintosh; Intel Mac OS X 14_3) AppleWebKit/617.2.4 (KHTML, like Gecko) Version/17.3 Safari/617.2.4"
104.168.28.15 - - [02/Jun/2026:10:24:00 -0400] "GET /wp-content/uploads/2024/10/cropped-webfaqe-ikone-180x180.png HTTP/1.1" 200 12096 "-" "Mozilla/5.0 (Macintosh; Intel Mac OS X 14_3) AppleWebKit/617.2.4 (KHTML, like Gecko) Version/17.3 Safari/617.2.4"
198.54.114.25 - - [02/Jun/2026:10:26:14 -0400] "POST /wp-cron.php?doing_wp_cron=1780410374.1565489768981933593750 HTTP/1.1" 200 0 "-" "WordPress/7.0; https://webfaqe-ks.com"
212.41.216.46 - - [02/Jun/2026:10:26:11 -0400] "GET / HTTP/1.1" 200 27324 "https://webfaqe-ks.com/rreth-nesh/" "Mozilla/5.0 (Windows NT 10.0; Win64; x64) AppleWebKit/537.36 (KHTML, like Gecko) Chrome/148.0.0.0 Safari/537.36 Edg/148.0.0.0"
212.41.216.46 - - [02/Jun/2026:10:26:14 -0400] "GET /wp-content/plugins/elementor-pro/assets/css/widget-blockquote.min.css?ver=3.25.0 HTTP/1.1" 404 20334 "https://webfaqe-ks.com/" "Mozilla/5.0 (Windows NT 10.0; Win64; x64) AppleWebKit/537.36 (KHTML, like Gecko) Chrome/148.0.0.0 Safari/537.36 Edg/148.0.0.0"
212.41.216.46 - - [02/Jun/2026:10:26:14 -0400] "GET /wp-content/plugins/elementor-pro/assets/css/widget-nav-menu.min.css?ver=3.26.0 HTTP/1.1" 404 20331 "https://webfaqe-ks.com/" "Mozilla/5.0 (Windows NT 10.0; Win64; x64) AppleWebKit/537.36 (KHTML, like Gecko) Chrome/148.0.0.0 Safari/537.36 Edg/148.0.0.0"
212.41.216.46 - - [02/Jun/2026:10:26:14 -0400] "GET /wp-content/plugins/elementor-pro/assets/css/widget-mega-menu.min.css?ver=3.26.2 HTTP/1.1" 404 20386 "https://webfaqe-ks.com/" "Mozilla/5.0 (Windows NT 10.0; Win64; x64) AppleWebKit/537.36 (KHTML, like Gecko) Chrome/148.0.0.0 Safari/537.36 Edg/148.0.0.0"
212.41.216.46 - - [02/Jun/2026:10:26:15 -0400] "GET /wp-content/plugins/the-plus-addons-for-elementor-page-builder/includes/user-experience/update-popup/tp-update-plugin-popup.js?ver=6.4.131780410373 HTTP/1.1" 200 754 "https://webfaqe-ks.com/" "Mozilla/5.0 (Windows NT 10.0; Win64; x64) AppleWebKit/537.36 (KHTML, like Gecko) Chrome/148.0.0.0 Safari/537.36 Edg/148.0.0.0"
2a03:2880:24ff:74:: - - [02/Jun/2026:10:31:31 -0400] "GET /robots.txt HTTP/1.1" 304 0 "-" "facebookexternalhit/1.1 (+http://www.facebook.com/externalhit_uatext.php)"
34.87.80.221 - - [02/Jun/2026:10:34:49 -0400] "GET /wp-json/wp/v2/posts HTTP/1.1" 200 0 "http://webfaqe-ks.com/wp-json/wp/v2/posts" "Mozilla/5.0 (Windows NT 10.0; Win64; x64) AppleWebKit/537.36 (KHTML, like Gecko) Chrome/120.0.0.0 Safari/537.36"
198.54.114.25 - - [02/Jun/2026:10:34:51 -0400] "POST /wp-cron.php?doing_wp_cron=1780410891.8413259983062744140625 HTTP/1.1" 200 0 "-" "WordPress/7.0; https://webfaqe-ks.com"
198.54.114.25 - - [02/Jun/2026:10:44:55 -0400] "POST /wp-cron.php?doing_wp_cron=1780411495.4280629158020019531250 HTTP/1.1" 200 0 "-" "WordPress/7.0; https://webfaqe-ks.com"
66.249.77.232 - - [02/Jun/2026:10:44:53 -0400] "GET /upfile_article.asp HTTP/1.1" 404 20343 "-" "Mozilla/5.0 (Linux; Android 6.0.1; Nexus 5X Build/MMB29P) AppleWebKit/537.36 (KHTML, like Gecko) Chrome/148.0.7778.96 Mobile Safari/537.36 (compatible; Googlebot/2.1; +http://www.google.com/bot.html)"
66.249.77.231 - - [02/Jun/2026:10:44:55 -0400] "GET /wp-includes/fonts/vpi/ HTTP/1.1" 404 20353 "-" "Mozilla/5.0 (Linux; Android 6.0.1; Nexus 5X Build/MMB29P) AppleWebKit/537.36 (KHTML, like Gecko) Chrome/148.0.7778.96 Mobile Safari/537.36 (compatible; Googlebot/2.1; +http://www.google.com/bot.html)"
66.249.77.228 - - [02/Jun/2026:10:50:30 -0400] "GET /phpMyadmin/index.php HTTP/1.1" 301 0 "-" "Mozilla/5.0 (Linux; Android 6.0.1; Nexus 5X Build/MMB29P) AppleWebKit/537.36 (KHTML, like Gecko) Chrome/148.0.7778.96 Mobile Safari/537.36 (compatible; Googlebot/2.1; +http://www.google.com/bot.html)"
66.249.77.226 - - [02/Jun/2026:10:50:33 -0400] "GET /phpMyadmin/ HTTP/1.1" 404 20313 "-" "Mozilla/5.0 (Linux; Android 6.0.1; Nexus 5X Build/MMB29P) AppleWebKit/537.36 (KHTML, like Gecko) Chrome/148.0.7778.96 Mobile Safari/537.36 (compatible; Googlebot/2.1; +http://www.google.com/bot.html)"
198.54.114.25 - - [02/Jun/2026:10:54:59 -0400] "POST /wp-cron.php?doing_wp_cron=1780412099.4797930717468261718750 HTTP/1.1" 200 0 "-" "WordPress/7.0; https://webfaqe-ks.com"
198.54.114.25 - - [02/Jun/2026:10:54:59 -0400] "POST /wp-cron.php?doing_wp_cron=1780412099.4848709106445312500000 HTTP/1.1" 200 0 "-" "WordPress/7.0; https://webfaqe-ks.com"
2a03:2880:7ff:9:: - - [02/Jun/2026:10:54:57 -0400] "GET / HTTP/1.1" 200 27325 "-" "facebookexternalhit/1.1 (+http://www.facebook.com/externalhit_uatext.php)"
2a03:2880:7ff:17:: - - [02/Jun/2026:10:54:57 -0400] "GET / HTTP/1.1" 200 27325 "-" "facebookexternalhit/1.1 (+http://www.facebook.com/externalhit_uatext.php)"
66.249.77.228 - - [02/Jun/2026:10:55:12 -0400] "GET /backup/ HTTP/1.1" 404 20369 "-" "Mozilla/5.0 (Linux; Android 6.0.1; Nexus 5X Build/MMB29P) AppleWebKit/537.36 (KHTML, like Gecko) Chrome/148.0.7778.96 Mobile Safari/537.36 (compatible; Googlebot/2.1; +http://www.google.com/bot.html)"
198.54.114.25 - - [02/Jun/2026:10:57:25 -0400] "POST /wp-cron.php?doing_wp_cron=1780412245.3810338973999023437500 HTTP/1.1" 200 0 "-" "WordPress/7.0; https://webfaqe-ks.com"
109.70.100.7 - - [02/Jun/2026:10:57:23 -0400] "GET / HTTP/1.1" 200 27364 "https://webfaqe-ks.com" "Mozilla/5.0 (Linux; Android 8.0.0; LG-H872) AppleWebKit/537.36 (KHTML, like Gecko) Chrome/81.0.4044.138 Mobile Safari/537.36"
198.54.114.25 - - [02/Jun/2026:11:01:00 -0400] "POST /wp-cron.php?doing_wp_cron=1780412460.5020010471343994140625 HTTP/1.1" 200 0 "-" "WordPress/7.0; https://webfaqe-ks.com"
43.166.255.102 - - [02/Jun/2026:11:00:58 -0400] "GET / HTTP/1.1" 301 0 "http://www.webfaqe-ks.com" "Mozilla/5.0 (iPhone; CPU iPhone OS 13_2_3 like Mac OS X) AppleWebKit/605.1.15 (KHTML, like Gecko) Version/13.0.3 Mobile/15E148 Safari/604.1"
43.166.255.102 - - [02/Jun/2026:11:01:02 -0400] "GET / HTTP/1.1" 200 27364 "https://www.webfaqe-ks.com/" "Mozilla/5.0 (iPhone; CPU iPhone OS 13_2_3 like Mac OS X) AppleWebKit/605.1.15 (KHTML, like Gecko) Version/13.0.3 Mobile/15E148 Safari/604.1"
198.54.114.25 - - [02/Jun/2026:11:05:49 -0400] "POST /wp-cron.php?doing_wp_cron=1780412748.9739570617675781250000 HTTP/1.1" 200 0 "-" "WordPress/7.0; https://webfaqe-ks.com"
212.21.66.6 - - [02/Jun/2026:11:05:46 -0400] "GET / HTTP/1.1" 200 27365 "webfaqe-ks.com" "Mozilla/5.0 (Linux; Android 6.0.1; Le X526) AppleWebKit/537.36 (KHTML, like Gecko) Chrome/81.0.4044.138 Mobile Safari/537.36"
192.42.116.16 - - [02/Jun/2026:11:06:21 -0400] "GET / HTTP/1.1" 200 27364 "https://webfaqe-ks.com" "Mozilla/5.0 (Linux; Android 6.0.1; Le X526) AppleWebKit/537.36 (KHTML, like Gecko) Chrome/81.0.4044.138 Mobile Safari/537.36"
192.42.116.143 - - [02/Jun/2026:11:06:24 -0400] "GET /de HTTP/1.1" 301 0 "https://webfaqe-ks.com/de" "Mozilla/5.0 (Linux; Android 6.0.1; Le X526) AppleWebKit/537.36 (KHTML, like Gecko) Chrome/81.0.4044.138 Mobile Safari/537.36"
192.42.116.143 - - [02/Jun/2026:11:06:25 -0400] "GET /de/ HTTP/1.1" 200 28182 "https://webfaqe-ks.com/de" "Mozilla/5.0 (Linux; Android 6.0.1; Le X526) AppleWebKit/537.36 (KHTML, like Gecko) Chrome/81.0.4044.138 Mobile Safari/537.36"
192.42.116.143 - - [02/Jun/2026:11:06:27 -0400] "GET /demo-dizajn-falas HTTP/1.1" 301 0 "https://webfaqe-ks.com/demo-dizajn-falas" "Mozilla/5.0 (Linux; Android 6.0.1; Le X526) AppleWebKit/537.36 (KHTML, like Gecko) Chrome/81.0.4044.138 Mobile Safari/537.36"
192.42.116.143 - - [02/Jun/2026:11:06:28 -0400] "GET /demo-dizajn-falas/ HTTP/1.1" 200 23198 "https://webfaqe-ks.com/demo-dizajn-falas" "Mozilla/5.0 (Linux; Android 6.0.1; Le X526) AppleWebKit/537.36 (KHTML, like Gecko) Chrome/81.0.4044.138 Mobile Safari/537.36"
192.42.116.143 - - [02/Jun/2026:11:06:29 -0400] "GET /en HTTP/1.1" 301 0 "https://webfaqe-ks.com/en" "Mozilla/5.0 (Linux; Android 6.0.1; Le X526) AppleWebKit/537.36 (KHTML, like Gecko) Chrome/81.0.4044.138 Mobile Safari/537.36"
192.42.116.143 - - [02/Jun/2026:11:06:30 -0400] "GET /en/ HTTP/1.1" 200 27749 "https://webfaqe-ks.com/en" "Mozilla/5.0 (Linux; Android 6.0.1; Le X526) AppleWebKit/537.36 (KHTML, like Gecko) Chrome/81.0.4044.138 Mobile Safari/537.36"
45.84.107.128 - - [02/Jun/2026:11:06:32 -0400] "GET /kontakti HTTP/1.1" 301 0 "https://webfaqe-ks.com/kontakti" "Mozilla/5.0 (Linux; Android 6.0.1; Le X526) AppleWebKit/537.36 (KHTML, like Gecko) Chrome/81.0.4044.138 Mobile Safari/537.36"
45.84.107.128 - - [02/Jun/2026:11:06:33 -0400] "GET /kontakti/ HTTP/1.1" 200 26712 "https://webfaqe-ks.com/kontakti" "Mozilla/5.0 (Linux; Android 6.0.1; Le X526) AppleWebKit/537.36 (KHTML, like Gecko) Chrome/81.0.4044.138 Mobile Safari/537.36"
45.84.107.128 - - [02/Jun/2026:11:06:35 -0400] "POST /kontakti HTTP/1.1" 200 26418 "https://webfaqe-ks.com/kontakti" "Mozilla/5.0 (Linux; Android 6.0.1; Le X526) AppleWebKit/537.36 (KHTML, like Gecko) Chrome/81.0.4044.138 Mobile Safari/537.36"
45.84.107.128 - - [02/Jun/2026:11:06:37 -0400] "POST /kontakti HTTP/1.1" 200 26420 "https://webfaqe-ks.com/kontakti" "Mozilla/5.0 (Linux; Android 6.0.1; Le X526) AppleWebKit/537.36 (KHTML, like Gecko) Chrome/81.0.4044.138 Mobile Safari/537.36"
45.84.107.128 - - [02/Jun/2026:11:06:40 -0400] "GET /projektet HTTP/1.1" 301 0 "https://webfaqe-ks.com/projektet" "Mozilla/5.0 (Linux; Android 6.0.1; Le X526) AppleWebKit/537.36 (KHTML, like Gecko) Chrome/81.0.4044.138 Mobile Safari/537.36"
45.84.107.128 - - [02/Jun/2026:11:06:41 -0400] "GET /projektet/ HTTP/1.1" 200 24876 "https://webfaqe-ks.com/projektet" "Mozilla/5.0 (Linux; Android 6.0.1; Le X526) AppleWebKit/537.36 (KHTML, like Gecko) Chrome/81.0.4044.138 Mobile Safari/537.36"
192.42.116.116 - - [02/Jun/2026:11:06:43 -0400] "GET /rreth-nesh HTTP/1.1" 301 0 "https://webfaqe-ks.com/rreth-nesh" "Mozilla/5.0 (Linux; Android 6.0.1; Le X526) AppleWebKit/537.36 (KHTML, like Gecko) Chrome/81.0.4044.138 Mobile Safari/537.36"
192.42.116.116 - - [02/Jun/2026:11:06:44 -0400] "GET /rreth-nesh/ HTTP/1.1" 200 27532 "https://webfaqe-ks.com/rreth-nesh" "Mozilla/5.0 (Linux; Android 6.0.1; Le X526) AppleWebKit/537.36 (KHTML, like Gecko) Chrome/81.0.4044.138 Mobile Safari/537.36"
192.42.116.116 - - [02/Jun/2026:11:06:47 -0400] "GET /sherbimet HTTP/1.1" 301 0 "https://webfaqe-ks.com/sherbimet" "Mozilla/5.0 (Linux; Android 6.0.1; Le X526) AppleWebKit/537.36 (KHTML, like Gecko) Chrome/81.0.4044.138 Mobile Safari/537.36"
192.42.116.116 - - [02/Jun/2026:11:06:47 -0400] "GET /sherbimet/ HTTP/1.1" 200 24649 "https://webfaqe-ks.com/sherbimet" "Mozilla/5.0 (Linux; Android 6.0.1; Le X526) AppleWebKit/537.36 (KHTML, like Gecko) Chrome/81.0.4044.138 Mobile Safari/537.36"
142.250.32.3 - - [02/Jun/2026:11:08:02 -0400] "GET /.well-known/traffic-advice HTTP/1.1" 404 20375 "-" "Chrome Privacy Preserving Prefetch Proxy"
198.54.114.25 - - [02/Jun/2026:11:08:04 -0400] "POST /wp-cron.php?doing_wp_cron=1780412883.1874310970306396484375 HTTP/1.1" 200 0 "-" "WordPress/7.0; https://webfaqe-ks.com"
198.54.114.25 - - [02/Jun/2026:11:29:04 -0400] "POST /wp-cron.php?doing_wp_cron=1780414143.9170000553131103515625 HTTP/1.1" 200 0 "-" "WordPress/7.0; https://webfaqe-ks.com"
66.249.77.231 - - [02/Jun/2026:11:29:01 -0400] "GET /wp-admin/maint/wp-act.php HTTP/1.1" 404 20330 "-" "Mozilla/5.0 (Linux; Android 6.0.1; Nexus 5X Build/MMB29P) AppleWebKit/537.36 (KHTML, like Gecko) Chrome/148.0.7778.96 Mobile Safari/537.36 (compatible; GoogleOther)"
114.119.153.152 - - [02/Jun/2026:11:41:29 -0400] "GET /robots.txt HTTP/1.1" 304 0 "-" "Mozilla/5.0 (compatible;PetalBot;+https://webmaster.petalsearch.com/site/petalbot)"
66.249.77.230 - - [02/Jun/2026:11:43:04 -0400] "GET /robots.txt HTTP/1.1" 304 0 "-" "Mozilla/5.0 (compatible; Googlebot/2.1; +http://www.google.com/bot.html)"
198.54.114.25 - - [02/Jun/2026:11:43:09 -0400] "POST /wp-cron.php?doing_wp_cron=1780414989.6642770767211914062500 HTTP/1.1" 200 0 "-" "WordPress/7.0; https://webfaqe-ks.com"
66.249.77.230 - - [02/Jun/2026:11:43:07 -0400] "GET /wp-content/plugins/seo-by-rank-math/readme.txt HTTP/1.1" 404 20361 "-" "Mozilla/5.0 (Linux; Android 6.0.1; Nexus 5X Build/MMB29P) AppleWebKit/537.36 (KHTML, like Gecko) Chrome/148.0.7778.96 Mobile Safari/537.36 (compatible; GoogleOther)"
198.54.114.25 - - [02/Jun/2026:11:45:15 -0400] "POST /wp-cron.php?doing_wp_cron=1780415115.3695449829101562500000 HTTP/1.1" 200 0 "-" "WordPress/7.0; https://webfaqe-ks.com"
66.249.77.231 - - [02/Jun/2026:11:45:12 -0400] "GET /wp/.env HTTP/1.1" 404 20332 "-" "Mozilla/5.0 (Linux; Android 6.0.1; Nexus 5X Build/MMB29P) AppleWebKit/537.36 (KHTML, like Gecko) Chrome/148.0.7778.96 Mobile Safari/537.36 (compatible; Googlebot/2.1; +http://www.google.com/bot.html)"
198.54.114.25 - - [02/Jun/2026:11:48:55 -0400] "POST /wp-cron.php?doing_wp_cron=1780415335.6381878852844238281250 HTTP/1.1" 200 0 "-" "WordPress/7.0; https://webfaqe-ks.com"
45.13.237.116 - - [02/Jun/2026:11:48:53 -0400] "GET / HTTP/1.1" 200 27325 "https://webfaqe-ks.com" "Mozilla/4.0 (compatible; MSIE 7.0; Windows NT 5.1; Trident/4.0; Embedded Web Browser from: http://bsalsa.com/; .NET CLR 1.1.4322; .NET4.0C; InfoPath.2; .NET CLR 2.0.50727; .NET CLR 3.0.4506.2152; .NET CLR 3.5.30729)"
2a04:ee40:21a1:1000:b13a:747:5599:9aae - - [02/Jun/2026:11:49:50 -0400] "GET / HTTP/1.1" 200 27323 "https://demo.webfaqe-ks.com/" "Mozilla/5.0 (Macintosh; Intel Mac OS X 10_15_7) AppleWebKit/605.1.15 (KHTML, like Gecko) Version/26.5 Safari/605.1.15"
