143.244.57.118 - - [02/Jun/2026:15:10:33 -0400] "GET /wp-admin/includes//wp-admin/includes/post.php HTTP/1.1" 301 0 "-" "-"
143.244.57.118 - - [02/Jun/2026:15:10:34 -0400] "GET /wp-admin/includes/wp-admin/includes/post.php HTTP/1.1" 404 20341 "-" "-"
143.244.57.118 - - [02/Jun/2026:15:10:35 -0400] "GET /wp-admin/includes//wp-admin/includes/privacy-tools.php HTTP/1.1" 301 0 "-" "-"
143.244.57.118 - - [02/Jun/2026:15:10:36 -0400] "GET /wp-admin/includes/wp-admin/includes/privacy-tools.php HTTP/1.1" 404 20332 "-" "-"
143.244.57.118 - - [02/Jun/2026:15:10:38 -0400] "GET /wp-admin/includes//wp-admin/includes/revision.php HTTP/1.1" 301 0 "-" "-"
143.244.57.118 - - [02/Jun/2026:15:10:43 -0400] "GET /wp-admin/includes/wp-admin/includes/revision.php HTTP/1.1" 404 20344 "-" "-"
143.244.57.118 - - [02/Jun/2026:15:10:44 -0400] "GET /wp-admin/includes//wp-admin/includes/schema.php HTTP/1.1" 301 0 "-" "-"
143.244.57.118 - - [02/Jun/2026:15:10:45 -0400] "GET /wp-admin/includes/wp-admin/includes/schema.php HTTP/1.1" 404 20327 "-" "-"
143.244.57.118 - - [02/Jun/2026:15:10:48 -0400] "GET /wp-admin/includes//wp-admin/includes/screen.php HTTP/1.1" 301 0 "-" "-"
143.244.57.118 - - [02/Jun/2026:15:10:49 -0400] "GET /wp-admin/includes/wp-admin/includes/screen.php HTTP/1.1" 404 20325 "-" "-"
143.244.57.118 - - [02/Jun/2026:15:10:51 -0400] "GET /wp-admin/includes//wp-admin/includes/taxonomy.php HTTP/1.1" 301 0 "-" "-"
143.244.57.118 - - [02/Jun/2026:15:10:51 -0400] "GET /wp-admin/includes/wp-admin/includes/taxonomy.php HTTP/1.1" 404 20344 "-" "-"
198.54.114.25 - - [02/Jun/2026:15:10:53 -0400] "POST /wp-cron.php?doing_wp_cron=1780427453.2387959957122802734375 HTTP/1.1" 200 0 "-" "WordPress/7.0; https://webfaqe-ks.com"
143.244.57.118 - - [02/Jun/2026:15:10:53 -0400] "GET /wp-admin/includes//wp-admin/includes/template.php HTTP/1.1" 301 0 "-" "-"
143.244.57.118 - - [02/Jun/2026:15:10:53 -0400] "GET /wp-admin/includes/wp-admin/includes/template.php HTTP/1.1" 404 20345 "-" "-"
143.244.57.118 - - [02/Jun/2026:15:10:55 -0400] "GET /wp-admin/includes//wp-admin/includes/theme-install.php HTTP/1.1" 301 0 "-" "-"
143.244.57.118 - - [02/Jun/2026:15:10:55 -0400] "GET /wp-admin/includes/wp-admin/includes/theme-install.php HTTP/1.1" 404 20331 "-" "-"
143.244.57.118 - - [02/Jun/2026:15:10:57 -0400] "GET /wp-admin/includes//wp-admin/includes/theme.php HTTP/1.1" 301 0 "-" "-"
143.244.57.118 - - [02/Jun/2026:15:10:57 -0400] "GET /wp-admin/includes/wp-admin/includes/theme.php HTTP/1.1" 404 20330 "-" "-"
198.54.114.25 - - [02/Jun/2026:15:10:59 -0400] "POST /wp-cron.php?doing_wp_cron=1780427459.0732109546661376953125 HTTP/1.1" 200 0 "-" "WordPress/7.0; https://webfaqe-ks.com"
143.244.57.118 - - [02/Jun/2026:15:10:58 -0400] "GET /wp-admin/includes//wp-admin/includes/translation-install.php HTTP/1.1" 301 0 "-" "-"
143.244.57.118 - - [02/Jun/2026:15:10:59 -0400] "GET /wp-admin/includes/wp-admin/includes/translation-install.php HTTP/1.1" 404 20350 "-" "-"
143.244.57.118 - - [02/Jun/2026:15:11:01 -0400] "GET /wp-admin/includes//wp-admin/includes/update-core.php HTTP/1.1" 301 0 "-" "-"
143.244.57.118 - - [02/Jun/2026:15:11:02 -0400] "GET /wp-admin/includes/wp-admin/includes/update-core.php HTTP/1.1" 404 20362 "-" "-"
143.244.57.118 - - [02/Jun/2026:15:11:03 -0400] "GET /wp-admin/includes//wp-admin/includes/update.php HTTP/1.1" 301 0 "-" "-"
143.244.57.118 - - [02/Jun/2026:15:11:04 -0400] "GET /wp-admin/includes/wp-admin/includes/update.php HTTP/1.1" 404 20322 "-" "-"
143.244.57.118 - - [02/Jun/2026:15:11:05 -0400] "GET /wp-admin/includes//wp-admin/includes/upgrade.php HTTP/1.1" 301 0 "-" "-"
143.244.57.118 - - [02/Jun/2026:15:11:05 -0400] "GET /wp-admin/includes/wp-admin/includes/upgrade.php HTTP/1.1" 404 20369 "-" "-"
143.244.57.118 - - [02/Jun/2026:15:11:07 -0400] "GET /wp-admin/includes//wp-admin/includes/user.php HTTP/1.1" 301 0 "-" "-"
143.244.57.118 - - [02/Jun/2026:15:11:07 -0400] "GET /wp-admin/includes/wp-admin/includes/user.php HTTP/1.1" 404 20339 "-" "-"
143.244.57.118 - - [02/Jun/2026:15:11:09 -0400] "GET /wp-admin/includes//wp-admin/includes/widgets.php HTTP/1.1" 301 0 "-" "-"
143.244.57.118 - - [02/Jun/2026:15:11:09 -0400] "GET /wp-admin/includes/wp-admin/includes/widgets.php HTTP/1.1" 404 20367 "-" "-"
143.244.57.118 - - [02/Jun/2026:15:11:12 -0400] "GET /wp-admin/ HTTP/1.1" 302 0 "-" "-"
143.244.57.118 - - [02/Jun/2026:15:11:13 -0400] "GET /wp-login.php?redirect_to=https%3A%2F%2Fwebfaqe-ks.com%2Fwp-admin%2F&reauth=1 HTTP/1.1" 200 3137 "-" "-"
143.244.57.118 - - [02/Jun/2026:15:11:13 -0400] "GET /wp-content/upgrade/ HTTP/1.1" 200 546 "-" "-"
114.119.158.189 - - [02/Jun/2026:15:14:58 -0400] "GET /robots.txt HTTP/1.1" 304 0 "-" "Mozilla/5.0 (compatible;PetalBot;+https://webmaster.petalsearch.com/site/petalbot)"
198.54.114.25 - - [02/Jun/2026:15:15:10 -0400] "POST /wp-cron.php?doing_wp_cron=1780427710.1926360130310058593750 HTTP/1.1" 200 0 "-" "WordPress/7.0; https://webfaqe-ks.com"
2607:5300:60:390f:: - - [02/Jun/2026:15:15:07 -0400] "GET /kontakti/ HTTP/1.1" 200 26728 "https://webfaqe-ks.com/kontakti/" "Mozilla/5.0 (Windows NT 10.0; Win64; x64) AppleWebKit/537.36 (KHTML, like Gecko) Chrome/131.0.0.0 Safari/537.36 Avast/131.0.0.0"
2607:5300:60:390f:: - - [02/Jun/2026:15:15:21 -0400] "POST /kontakti/ HTTP/1.1" 200 27262 "https://webfaqe-ks.com/kontakti/" "Mozilla/5.0 (Windows NT 10.0; Win64; x64) AppleWebKit/537.36 (KHTML, like Gecko) Chrome/131.0.0.0 Safari/537.36 Avast/131.0.0.0"
198.54.114.25 - - [02/Jun/2026:15:19:39 -0400] "POST /wp-cron.php?doing_wp_cron=1780427979.5708670616149902343750 HTTP/1.1" 200 0 "-" "WordPress/7.0; https://webfaqe-ks.com"
66.249.77.231 - - [02/Jun/2026:15:19:37 -0400] "GET / HTTP/1.1" 200 27365 "-" "Mozilla/5.0 (Linux; Android 6.0.1; Nexus 5X Build/MMB29P) AppleWebKit/537.36 (KHTML, like Gecko) Chrome/148.0.7778.96 Mobile Safari/537.36 (compatible; Googlebot/2.1; +http://www.google.com/bot.html)"
43.165.126.130 - - [02/Jun/2026:15:19:39 -0400] "GET / HTTP/1.1" 200 27365 "http://webfaqe-ks.com" "Mozilla/5.0 (iPhone; CPU iPhone OS 13_2_3 like Mac OS X) AppleWebKit/605.1.15 (KHTML, like Gecko) Version/13.0.3 Mobile/15E148 Safari/604.1"
66.249.77.230 - - [02/Jun/2026:15:19:44 -0400] "GET /wp-content/plugins/the-plus-addons-for-elementor-page-builder/includes/user-experience/update-popup/tp-update-plugin-popup.js?ver=6.4.131780427979 HTTP/1.1" 200 754 "https://webfaqe-ks.com/" "Mozilla/5.0 (Linux; Android 6.0.1; Nexus 5X Build/MMB29P) AppleWebKit/537.36 (KHTML, like Gecko) Chrome/148.0.7778.96 Mobile Safari/537.36 (compatible; Googlebot/2.1; +http://www.google.com/bot.html)"
51.77.217.11 - - [02/Jun/2026:15:25:01 -0400] "GET /robots.txt HTTP/1.1" 304 0 "-" "Mozilla/5.0 (compatible; MJ12bot/v1.4.8; http://mj12bot.com/)"
198.54.114.25 - - [02/Jun/2026:15:25:06 -0400] "POST /wp-cron.php?doing_wp_cron=1780428306.7651839256286621093750 HTTP/1.1" 200 0 "-" "WordPress/7.0; https://webfaqe-ks.com"
51.77.217.11 - - [02/Jun/2026:15:25:03 -0400] "GET /offer/ HTTP/1.1" 200 24060 "-" "Mozilla/5.0 (compatible; MJ12bot/v1.4.8; http://mj12bot.com/)"
66.249.77.231 - - [02/Jun/2026:15:28:28 -0400] "GET /robots.txt HTTP/1.1" 304 0 "-" "Mozilla/5.0 (compatible; Googlebot/2.1; +http://www.google.com/bot.html)"
198.54.114.25 - - [02/Jun/2026:15:28:31 -0400] "POST /wp-cron.php?doing_wp_cron=1780428511.8167829513549804687500 HTTP/1.1" 200 0 "-" "WordPress/7.0; https://webfaqe-ks.com"
66.249.77.230 - - [02/Jun/2026:15:28:29 -0400] "GET /.well-known/core.php HTTP/1.1" 404 20368 "-" "Mozilla/5.0 (Linux; Android 6.0.1; Nexus 5X Build/MMB29P) AppleWebKit/537.36 (KHTML, like Gecko) Chrome/148.0.7778.96 Mobile Safari/537.36 (compatible; Googlebot/2.1; +http://www.google.com/bot.html)"
156.242.107.123 - - [02/Jun/2026:15:30:22 -0400] "GET /wp-content/uploads/2024/06/Seattle-Web-Design-SEO-Agency-Logo.png HTTP/1.1" 200 17315 "-" "Mozilla/5.0 (compatible; crawler)"
207.97.158.51 - - [02/Jun/2026:15:32:22 -0400] "GET /wp-content/uploads/2024/06/7Xpa0f-LogoMakr.png HTTP/1.1" 200 6159 "-" "Mozilla/5.0 (compatible; crawler)"
198.54.114.25 - - [02/Jun/2026:15:46:53 -0400] "POST /wp-cron.php?doing_wp_cron=1780429613.5565090179443359375000 HTTP/1.1" 200 0 "-" "WordPress/7.0; https://webfaqe-ks.com"
66.249.77.230 - - [02/Jun/2026:15:46:51 -0400] "GET /wp-content/upgrade/edit.php HTTP/1.1" 404 20362 "-" "Mozilla/5.0 (Linux; Android 6.0.1; Nexus 5X Build/MMB29P) AppleWebKit/537.36 (KHTML, like Gecko) Chrome/148.0.7778.96 Mobile Safari/537.36 (compatible; GoogleOther)"
198.54.114.25 - - [02/Jun/2026:15:53:22 -0400] "POST /wp-cron.php?doing_wp_cron=1780430002.4678370952606201171875 HTTP/1.1" 200 0 "-" "WordPress/7.0; https://webfaqe-ks.com"
142.250.32.3 - - [02/Jun/2026:15:53:20 -0400] "GET /.well-known/traffic-advice HTTP/1.1" 404 20374 "-" "Chrome Privacy Preserving Prefetch Proxy"
216.73.216.66 - - [02/Jun/2026:15:54:20 -0400] "GET /robots.txt HTTP/1.1" 200 200 "-" "Mozilla/5.0 AppleWebKit/537.36 (KHTML, like Gecko; compatible; ClaudeBot/1.0; +claudebot@anthropic.com)"
198.54.114.25 - - [02/Jun/2026:15:54:20 -0400] "POST /wp-cron.php?doing_wp_cron=1780430060.8380949497222900390625 HTTP/1.1" 200 0 "-" "WordPress/7.0; https://webfaqe-ks.com"
216.73.216.66 - - [02/Jun/2026:15:54:20 -0400] "GET / HTTP/1.1" 301 0 "-" "Mozilla/5.0 AppleWebKit/537.36 (KHTML, like Gecko; compatible; ClaudeBot/1.0; +claudebot@anthropic.com)"
216.73.216.66 - - [02/Jun/2026:15:54:21 -0400] "GET / HTTP/1.1" 200 27324 "https://www.webfaqe-ks.com/" "Mozilla/5.0 AppleWebKit/537.36 (KHTML, like Gecko; compatible; ClaudeBot/1.0; +claudebot@anthropic.com)"
198.54.114.25 - - [02/Jun/2026:16:00:17 -0400] "POST /wp-cron.php?doing_wp_cron=1780430416.1592600345611572265625 HTTP/1.1" 200 0 "-" "WordPress/7.0; https://webfaqe-ks.com"
66.249.77.231 - - [02/Jun/2026:16:00:13 -0400] "GET / HTTP/1.1" 200 27325 "-" "Mozilla/5.0 (compatible; Googlebot/2.1; +http://www.google.com/bot.html)"
66.249.77.230 - - [02/Jun/2026:16:00:34 -0400] "GET /wp-content/plugins/elementor-pro/assets/css/widget-mega-menu.min.css?ver=3.26.2 HTTP/1.1" 404 20384 "https://webfaqe-ks.com/" "Mozilla/5.0 (compatible; Googlebot/2.1; +http://www.google.com/bot.html)"
66.249.77.231 - - [02/Jun/2026:16:00:35 -0400] "GET /wp-content/plugins/elementor-pro/assets/css/widget-blockquote.min.css?ver=3.25.0 HTTP/1.1" 404 20336 "https://webfaqe-ks.com/" "Mozilla/5.0 (compatible; Googlebot/2.1; +http://www.google.com/bot.html)"
66.249.77.230 - - [02/Jun/2026:16:00:36 -0400] "GET /wp-content/plugins/the-plus-addons-for-elementor-page-builder/includes/user-experience/update-popup/tp-update-plugin-popup.js?ver=6.4.131780430415 HTTP/1.1" 200 754 "https://webfaqe-ks.com/" "Mozilla/5.0 (compatible; Googlebot/2.1; +http://www.google.com/bot.html)"
66.249.77.230 - - [02/Jun/2026:16:00:37 -0400] "GET /wp-content/plugins/elementor-pro/assets/css/widget-nav-menu.min.css?ver=3.26.0 HTTP/1.1" 404 20331 "https://webfaqe-ks.com/" "Mozilla/5.0 (compatible; Googlebot/2.1; +http://www.google.com/bot.html)"
2.58.56.61 - - [02/Jun/2026:16:10:23 -0400] "GET /wp-content/themes/seotheme/db.php?u HTTP/1.1" 404 20365 "www.google.com" "Mozlila/5.0 (Linux; Android 7.0; SM-G892A Bulid/NRD90M; wv) AppleWebKit/537.36 (KHTML, like Gecko) Version/4.0 Chrome/60.0.3112.107 Moblie Safari/537.36"
2.58.56.61 - - [02/Jun/2026:16:10:23 -0400] "POST /wp-plain.php HTTP/1.1" 404 20379 "www.google.com" "Mozilla/5.0 (Linux; Android 7.0; SM-G892A Bulid/NRD90M; wv) AppleWebKit/537.36 (KHTML, like Gecko) Version/4.0 Chrome/60.0.3112.107 Moblie Safari/537.36"
2.58.56.61 - - [02/Jun/2026:16:10:23 -0400] "GET /wp-content/plugins/fix/up.php HTTP/1.1" 404 20348 "-" "Mozilla/5.0 (Windows NT 10.0; Win64; x64) AppleWebKit/537.36 (KHTML, like Gecko) Chrome/85.0.4183.102 Safari/537.36"
2.58.56.61 - - [02/Jun/2026:16:10:23 -0400] "GET / HTTP/1.1" 200 27365 "-" "Mozlila/5.0 (Linux; Android 7.0; SM-G892A Bulid/NRD90M; wv) AppleWebKit/537.36 (KHTML, like Gecko) Version/4.0 Chrome/60.0.3112.107 Moblie Safari/537.36"
198.54.114.25 - - [02/Jun/2026:16:10:30 -0400] "POST /wp-cron.php?doing_wp_cron=1780431029.9446289539337158203125 HTTP/1.1" 200 0 "-" "WordPress/7.0; https://webfaqe-ks.com"
2.58.56.61 - - [02/Jun/2026:16:10:23 -0400] "POST /ALFA_DATA/alfacgiapi/perl.alfa HTTP/1.1" 404 20334 "www.google.com" "Mozlila/5.0 (Linux; Android 7.0; SM-G892A Bulid/NRD90M; wv) AppleWebKit/537.36 (KHTML, like Gecko) Version/4.0 Chrome/60.0.3112.107 Moblie Safari/537.36"
2.58.56.61 - - [02/Jun/2026:16:10:30 -0400] "GET /dylplagb.php?Fox=d3wL7 HTTP/1.1" 404 20342 "www.google.com" "Mozilla/5.0 (Linux; Android 7.0; SM-G892A Bulid/NRD90M; wv) AppleWebKit/537.36 (KHTML, like Gecko) Version/4.0 Chrome/60.0.3112.107 Moblie Safari/537.36"
2.58.56.61 - - [02/Jun/2026:16:10:30 -0400] "GET /wp-content/themes/seotheme/db.php?u HTTP/1.1" 404 20363 "www.google.com" "Mozlila/5.0 (Linux; Android 7.0; SM-G892A Bulid/NRD90M; wv) AppleWebKit/537.36 (KHTML, like Gecko) Version/4.0 Chrome/60.0.3112.107 Moblie Safari/537.36"
2.58.56.61 - - [02/Jun/2026:16:10:30 -0400] "GET /wp-content/plugins/apikey/apikey.php?test=hello HTTP/1.1" 404 20357 "-" "Mozlila/5.0 (Linux; Android 7.0; SM-G892A Bulid/NRD90M; wv) AppleWebKit/537.36 (KHTML, like Gecko) Version/4.0 Chrome/60.0.3112.107 Moblie Safari/537.36"
2.58.56.61 - - [02/Jun/2026:16:10:31 -0400] "POST /alfacgiapi/perl.alfa HTTP/1.1" 404 20367 "www.google.com" "Mozlila/5.0 (Linux; Android 7.0; SM-G892A Bulid/NRD90M; wv) AppleWebKit/537.36 (KHTML, like Gecko) Version/4.0 Chrome/60.0.3112.107 Moblie Safari/537.36"
2.58.56.61 - - [02/Jun/2026:16:10:31 -0400] "GET /plugins/content/apismtp/apismtp.php?test=hello HTTP/1.1" 404 20366 "-" "Mozlila/5.0 (Linux; Android 7.0; SM-G892A Bulid/NRD90M; wv) AppleWebKit/537.36 (KHTML, like Gecko) Version/4.0 Chrome/60.0.3112.107 Moblie Safari/537.36"
2.58.56.61 - - [02/Jun/2026:16:10:32 -0400] "GET /wp-content/plugins/apikey/apikey.php.suspected?test=hello HTTP/1.1" 404 20389 "-" "Mozlila/5.0 (Linux; Android 7.0; SM-G892A Bulid/NRD90M; wv) AppleWebKit/537.36 (KHTML, like Gecko) Version/4.0 Chrome/60.0.3112.107 Moblie Safari/537.36"
2.58.56.61 - - [02/Jun/2026:16:10:34 -0400] "GET /plugins/content/apismtp/apismtp.php.suspected?test=hello HTTP/1.1" 404 20385 "-" "Mozlila/5.0 (Linux; Android 7.0; SM-G892A Bulid/NRD90M; wv) AppleWebKit/537.36 (KHTML, like Gecko) Version/4.0 Chrome/60.0.3112.107 Moblie Safari/537.36"
2a02:c207:2312:1329::1 - - [02/Jun/2026:16:10:46 -0400] "GET /wp-content/plugins/translatepress-multilingual/assets/images/flags/de_DE_formal.png HTTP/1.1" 200 250 "-" "Mozilla/5.0 (Macintosh; Intel Mac OS X 10_15_7) AppleWebKit/605.1.15 (KHTML, like Gecko) Version/17.1 Safari/605.1.15"